{"id":122,"date":"2013-09-03T15:01:11","date_gmt":"2013-09-03T13:01:11","guid":{"rendered":"http:\/\/sp1lubomierz.pl\/?page_id=122"},"modified":"2026-02-23T12:20:47","modified_gmt":"2026-02-23T11:20:47","slug":"nauczyciele","status":"publish","type":"page","link":"https:\/\/sp1lubomierz.pl\/?page_id=122","title":{"rendered":"Nauczyciele"},"content":{"rendered":"<div align=\"center\">\n<table style=\"border-collapse: collapse; width: 100%; height: 1014px;\" border=\"1\" cellspacing=\"0\" cellpadding=\"0\">\n<tbody>\n<tr style=\"height: 68px;\">\n<td style=\"text-align: center; height: 68px;\" valign=\"top\">\n<p align=\"center\"><span style=\"font-size: large;\"><b>Nauczyciel<\/b><\/span><\/p>\n<\/td>\n<td style=\"text-align: center; height: 68px;\" valign=\"top\">\n<p align=\"center\"><b><span style=\"font-size: large;\">Nauczany przedmiot<\/span><br><\/b><\/p>\n<\/td>\n<\/tr>\n<tr style=\"height: 70px;\">\n<td style=\"text-align: center; height: 70px;\" valign=\"top\"><span style=\"font-size: medium;\">mgr Jadwiga Baran-Sto\u017cek<\/span><\/td>\n<td style=\"text-align: center; height: 70px;\" valign=\"top\"><span style=\"font-size: medium;\">dyrektor szko\u0142y<br><\/span><span style=\"font-size: medium;\">edukacja wczesnoszkolna<br>biblioteka<br><\/span><\/td>\n<\/tr>\n<tr style=\"height: 46px;\">\n<td style=\"text-align: center; height: 46px;\" valign=\"top\"><span style=\"font-size: medium;\">mgr Ewa Drabik<br><\/span><\/td>\n<td style=\"text-align: center; height: 46px;\" valign=\"top\"><span style=\"font-size: medium;\">matematyka<br>technika<\/span><span style=\"font-size: medium;\"><br><\/span><\/td>\n<\/tr>\n<tr style=\"height: 23px;\">\n<td style=\"text-align: center; height: 23px;\" valign=\"top\"><span style=\"font-size: medium;\">mgr Gra\u017cyna Dawiec<\/span><\/td>\n<td style=\"text-align: center; height: 23px;\" valign=\"top\"><span style=\"font-size: medium;\">edukacja wczesnoszkolna<\/span><\/td>\n<\/tr>\n<tr style=\"height: 23px;\">\n<td style=\"text-align: center; height: 23px;\" valign=\"top\"><span style=\"font-size: medium;\">mgr Krystyna Kolawa<\/span><\/td>\n<td style=\"text-align: center; height: 23px;\" valign=\"top\"><span style=\"font-size: medium;\">edukacja wczesnoszkolna<br><\/span><\/td>\n<\/tr>\n<tr style=\"height: 46px;\">\n<td style=\"text-align: center; height: 46px;\" valign=\"top\"><span style=\"font-size: medium;\">mgr Gra\u017cyna Ko\u0142odziejczyk<\/span><\/td>\n<td style=\"text-align: center; height: 46px;\" valign=\"top\"><span style=\"font-size: medium;\">edukacja wczesnoszkolna<\/span><span style=\"font-size: medium;\"><br>informatyka<br><\/span><\/td>\n<\/tr>\n<tr style=\"height: 70px;\">\n<td style=\"text-align: center; height: 70px;\" valign=\"top\"><span style=\"font-size: medium;\">mgr Natalia Kuziel<\/span><\/td>\n<td style=\"text-align: center; height: 70px;\" valign=\"top\"><span style=\"font-size: medium;\">j\u0119zyk angielski<br>j\u0119zyk niemiecki<br>informatyka<br><\/span><\/td>\n<\/tr>\n<tr style=\"height: 23px;\">\n<td style=\"text-align: center; height: 23px;\" valign=\"top\"><span style=\"font-size: medium;\">&nbsp;s. mgr Jolanta Bieli\u0144ska<br><\/span><\/td>\n<td style=\"text-align: center; height: 23px;\" valign=\"top\"><span style=\"font-size: medium;\">religia<\/span><\/td>\n<\/tr>\n<tr style=\"height: 46px;\">\n<td style=\"text-align: center; height: 46px;\" valign=\"top\"><span style=\"font-size: medium;\">mgr J\u00f3zefa Nachman<\/span><\/td>\n<td style=\"text-align: center; height: 46px;\" valign=\"top\"><span style=\"font-size: medium;\">wychowanie fizyczne<br><\/span><span style=\"font-size: medium;\">przyroda<\/span><\/td>\n<\/tr>\n<tr style=\"height: 46px;\">\n<td style=\"text-align: center; height: 46px;\" valign=\"top\"><span style=\"font-size: medium;\">mgr Katarzyna Wojtyczka<\/span><\/td>\n<td style=\"text-align: center; height: 46px;\" valign=\"top\"><span style=\"font-size: medium;\"><span style=\"font-size: medium;\">edukacja wczesnoszkolna<\/span><span style=\"font-size: medium;\"><br><\/span><span style=\"font-size: medium;\">plastyka<\/span><\/span><\/td>\n<\/tr>\n<tr style=\"height: 46px;\">\n<td style=\"text-align: center; height: 46px;\" valign=\"top\"><span style=\"font-size: medium;\">mgr Anna Babu\u015bka<\/span><\/td>\n<td style=\"text-align: center; height: 46px;\" valign=\"top\"><span style=\"font-size: medium;\"><span style=\"font-size: medium;\">wychowanie przedszkolne<br>edukacja dla bezpiecze\u0144stwa<br>pedagog szkolny<br><\/span><\/span><\/td>\n<\/tr>\n<tr style=\"height: 93px;\">\n<td style=\"text-align: center; height: 93px;\" valign=\"top\"><span style=\"font-size: medium;\">mgr Agnieszka W\u0105cha\u0142a<\/span><\/td>\n<td style=\"text-align: center; height: 93px;\" valign=\"top\"><span style=\"font-size: medium;\"><span style=\"font-size: medium;\"><span style=\"font-size: medium;\"><span style=\"font-size: medium;\">wychowanie przedszkolne<br><\/span><\/span><\/span><\/span><span style=\"font-size: medium;\"><span style=\"font-size: medium;\">wiedza o spo\u0142ecze\u0144stwie<br>historia<br>edukacja zdrowotna<br>geografia<br><\/span><\/span><\/td>\n<\/tr>\n<tr style=\"height: 93px;\">\n<td style=\"text-align: center; height: 93px;\" valign=\"top\">mgr <span style=\"font-size: medium;\">Sabina Zapa\u0142a-Malec<br><\/span><\/td>\n<td style=\"text-align: center; height: 93px;\" valign=\"top\"><span style=\"font-size: medium;\">matematyka<br>chemia<br>biologia<br>fizyka<br>geografia<\/span><\/td>\n<\/tr>\n<tr style=\"height: 70px;\">\n<td style=\"text-align: center; height: 70px;\" valign=\"top\">&nbsp;<span style=\"font-size: medium;\">mgr Dorota W\u0119gielska<\/span><\/td>\n<td style=\"text-align: center; height: 70px;\" valign=\"top\"><span style=\"font-size: medium;\">j\u0119zyk polski<br>historia<br>j\u0119zyk angielski<\/span><\/td>\n<\/tr>\n<tr style=\"height: 93px;\">\n<td style=\"text-align: center; height: 93px;\" valign=\"top\"><span style=\"font-size: medium;\">mgr Dorota Wcis\u0142o<br><\/span><\/td>\n<td style=\"text-align: center; height: 93px;\" valign=\"top\"><span style=\"font-size: medium;\"><span style=\"font-size: medium;\"><span style=\"font-size: medium;\">edukacja wczesnoszkolna<br><\/span>muzyka<br>logopedia<br><\/span>wczesne wspomaganie rozwoju<\/span><\/td>\n<\/tr>\n<tr style=\"height: 23px;\">\n<td style=\"text-align: center; height: 23px;\" valign=\"top\"><span style=\"font-size: medium;\">mgr Renata Ogiela<\/span><\/td>\n<td style=\"text-align: center; height: 23px;\" valign=\"top\"><span style=\"font-size: medium;\"><span style=\"font-size: medium;\"><span style=\"font-size: medium;\">wychowanie przedszkolne<\/span><\/span><\/span><\/td>\n<\/tr>\n<tr style=\"height: 46px;\">\n<td style=\"text-align: center; height: 46px;\" valign=\"top\"><span style=\"font-size: medium;\">mgr Katarzyna Aksamit<\/span><\/td>\n<td style=\"text-align: center; height: 46px;\" valign=\"top\"><span style=\"font-size: medium;\">j\u0119zyk polski<br>j\u0119zyk angielski<br><\/span><\/td>\n<\/tr>\n<tr style=\"height: 46px;\">\n<td style=\"text-align: center; height: 46px;\" valign=\"top\"><span style=\"font-size: medium;\">mgr Anna Ko\u0142odziejczyk<\/span><\/td>\n<td style=\"text-align: center; height: 46px;\" valign=\"top\"><span style=\"font-size: medium;\"><span style=\"font-size: medium;\">wychowanie przedszkolne<br>doradztwo zawodowe<\/span><\/span><\/td>\n<\/tr>\n<tr style=\"height: 116px;\">\n<td style=\"text-align: center; height: 10px;\" valign=\"top\"><span style=\"font-size: medium;\">mgr Joanna Piekarczyk&nbsp;<br><\/span><\/td>\n<td style=\"text-align: center; height: 10px;\" valign=\"top\"><span style=\"font-size: medium;\">pedagog specjalny<br><\/span><\/td>\n<\/tr>\n<tr style=\"height: 23px;\">\n<td style=\"text-align: center; height: 23px;\" valign=\"top\"><span style=\"font-size: medium;\">mgr Aleksandra Chlipa\u0142a<\/span><\/td>\n<td style=\"text-align: center; height: 23px;\" valign=\"top\"><span style=\"font-size: medium;\">psycholog<\/span><\/td>\n<\/tr>\n<tr style=\"height: 46px;\">\n<td style=\"text-align: center; height: 10px;\" valign=\"top\"><span style=\"font-size: medium;\">mgr Zuzanna Wojtyczka<\/span><\/td>\n<td style=\"text-align: center; height: 10px;\" valign=\"top\">\n<p><span style=\"font-size: medium;\">\u015bwietlica<br>wychowanie przedszkolne<\/span><\/p>\n<\/td>\n<\/tr>\n<\/tbody>\n<\/table>\n<\/div>\n<h2 style=\"text-align: center;\">&nbsp;<\/h2>\n\n\n\n","protected":false},"excerpt":{"rendered":"<p>Nauczyciel Nauczany przedmiot mgr Jadwiga Baran-Sto\u017cek dyrektor szko\u0142yedukacja wczesnoszkolnabiblioteka mgr Ewa Drabik matematykatechnika mgr Gra\u017cyna Dawiec edukacja wczesnoszkolna mgr Krystyna Kolawa edukacja wczesnoszkolna mgr Gra\u017cyna Ko\u0142odziejczyk edukacja wczesnoszkolnainformatyka mgr Natalia Kuziel j\u0119zyk angielskij\u0119zyk niemieckiinformatyka &nbsp;s. mgr Jolanta Bieli\u0144ska religia mgr J\u00f3zefa Nachman wychowanie fizyczneprzyroda mgr Katarzyna Wojtyczka edukacja wczesnoszkolnaplastyka mgr Anna Babu\u015bka wychowanie przedszkolneedukacja dla [&hellip;]<\/p>\n","protected":false},"author":2,"featured_media":0,"parent":33,"menu_order":8,"comment_status":"closed","ping_status":"closed","template":"","meta":{"ngg_post_thumbnail":0,"footnotes":""},"class_list":["post-122","page","type-page","status-publish","hentry"],"_links":{"self":[{"href":"https:\/\/sp1lubomierz.pl\/index.php?rest_route=\/wp\/v2\/pages\/122","targetHints":{"allow":["GET"]}}],"collection":[{"href":"https:\/\/sp1lubomierz.pl\/index.php?rest_route=\/wp\/v2\/pages"}],"about":[{"href":"https:\/\/sp1lubomierz.pl\/index.php?rest_route=\/wp\/v2\/types\/page"}],"author":[{"embeddable":true,"href":"https:\/\/sp1lubomierz.pl\/index.php?rest_route=\/wp\/v2\/users\/2"}],"replies":[{"embeddable":true,"href":"https:\/\/sp1lubomierz.pl\/index.php?rest_route=%2Fwp%2Fv2%2Fcomments&post=122"}],"version-history":[{"count":40,"href":"https:\/\/sp1lubomierz.pl\/index.php?rest_route=\/wp\/v2\/pages\/122\/revisions"}],"predecessor-version":[{"id":49418,"href":"https:\/\/sp1lubomierz.pl\/index.php?rest_route=\/wp\/v2\/pages\/122\/revisions\/49418"}],"up":[{"embeddable":true,"href":"https:\/\/sp1lubomierz.pl\/index.php?rest_route=\/wp\/v2\/pages\/33"}],"wp:attachment":[{"href":"https:\/\/sp1lubomierz.pl\/index.php?rest_route=%2Fwp%2Fv2%2Fmedia&parent=122"}],"curies":[{"name":"wp","href":"https:\/\/api.w.org\/{rel}","templated":true}]}}