{"id":20826,"date":"2017-09-21T20:22:33","date_gmt":"2017-09-21T18:22:33","guid":{"rendered":"http:\/\/sp1lubomierz.pl\/?page_id=20826"},"modified":"2018-10-05T22:05:35","modified_gmt":"2018-10-05T20:05:35","slug":"rok-szkolny-20172018","status":"publish","type":"page","link":"https:\/\/sp1lubomierz.pl\/?page_id=20826","title":{"rendered":"Rok szkolny 2017\/2018"},"content":{"rendered":"<h3 style=\"text-align: center;\"><a href=\"http:\/\/sp1lubomierz.pl\/?page_id=20823\">Wrzesie\u0144 2017<\/a><\/h3>\n<h3 style=\"text-align: center;\"><a href=\"http:\/\/sp1lubomierz.pl\/?page_id=21082\">Pa\u017adziernik 2017 <\/a><\/h3>\n<h3 style=\"text-align: center;\"><a href=\"http:\/\/sp1lubomierz.pl\/?page_id=21458\">Listopad 2017 <\/a><\/h3>\n<h3 style=\"text-align: center;\"><a href=\"http:\/\/sp1lubomierz.pl\/?page_id=22356\">Grudzie\u0144 2017 <\/a><\/h3>\n<h3 style=\"text-align: center;\"><a href=\"http:\/\/sp1lubomierz.pl\/?page_id=23097\">Stycze\u0144 2018 <\/a><\/h3>\n<h3 style=\"text-align: center;\"><a title=\"Luty 2018\" href=\"http:\/\/sp1lubomierz.pl\/?page_id=23467\">Luty 2018 <\/a><\/h3>\n<h3 style=\"text-align: center;\"><a href=\"http:\/\/sp1lubomierz.pl\/?page_id=23686\">Marzec 2018 <\/a><\/h3>\n<h3 style=\"text-align: center;\"><a href=\"http:\/\/sp1lubomierz.pl\/?page_id=24273\">Kwiecie\u0144 2018 <\/a><\/h3>\n<h3 style=\"text-align: center;\"><a href=\"http:\/\/sp1lubomierz.pl\/?page_id=24811\">Maj 2018 <\/a><\/h3>\n<h3 style=\"text-align: center;\"><a href=\"http:\/\/sp1lubomierz.pl\/?page_id=25311\">Czerwiec 2018<\/a><\/h3>\n<p><a href=\"http:\/\/sp1lubomierz.pl\/wp-admin\/post.php?post=25311&amp;action=edit&amp;message=6\">\u00a0<\/a><\/p>\n","protected":false},"excerpt":{"rendered":"<p>Wrzesie\u0144 2017 Pa\u017adziernik 2017 Listopad 2017 Grudzie\u0144 2017 Stycze\u0144 2018 Luty 2018 Marzec 2018 Kwiecie\u0144 2018 Maj 2018 Czerwiec 2018 \u00a0<\/p>\n","protected":false},"author":1,"featured_media":0,"parent":0,"menu_order":0,"comment_status":"closed","ping_status":"open","template":"","meta":{"ngg_post_thumbnail":0,"footnotes":""},"class_list":["post-20826","page","type-page","status-publish","hentry"],"_links":{"self":[{"href":"https:\/\/sp1lubomierz.pl\/index.php?rest_route=\/wp\/v2\/pages\/20826","targetHints":{"allow":["GET"]}}],"collection":[{"href":"https:\/\/sp1lubomierz.pl\/index.php?rest_route=\/wp\/v2\/pages"}],"about":[{"href":"https:\/\/sp1lubomierz.pl\/index.php?rest_route=\/wp\/v2\/types\/page"}],"author":[{"embeddable":true,"href":"https:\/\/sp1lubomierz.pl\/index.php?rest_route=\/wp\/v2\/users\/1"}],"replies":[{"embeddable":true,"href":"https:\/\/sp1lubomierz.pl\/index.php?rest_route=%2Fwp%2Fv2%2Fcomments&post=20826"}],"version-history":[{"count":12,"href":"https:\/\/sp1lubomierz.pl\/index.php?rest_route=\/wp\/v2\/pages\/20826\/revisions"}],"predecessor-version":[{"id":25903,"href":"https:\/\/sp1lubomierz.pl\/index.php?rest_route=\/wp\/v2\/pages\/20826\/revisions\/25903"}],"wp:attachment":[{"href":"https:\/\/sp1lubomierz.pl\/index.php?rest_route=%2Fwp%2Fv2%2Fmedia&parent=20826"}],"curies":[{"name":"wp","href":"https:\/\/api.w.org\/{rel}","templated":true}]}}