{"id":26059,"date":"2018-10-25T08:46:34","date_gmt":"2018-10-25T06:46:34","guid":{"rendered":"http:\/\/sp1lubomierz.pl\/?page_id=26059"},"modified":"2018-10-25T08:46:34","modified_gmt":"2018-10-25T06:46:34","slug":"innowacja-pedagogiczna-z-elementami-gimnastyki-korekcyjnej-ruch-to-zdrowie","status":"publish","type":"page","link":"https:\/\/sp1lubomierz.pl\/?page_id=26059","title":{"rendered":"Innowacja pedagogiczna z  elementami gimnastyki korekcyjnej \u201eRuch to zdrowie\u201d"},"content":{"rendered":"<p style=\"text-align: justify;\">Innowacja by\u0142a realizowana w cyklu rocznym w roku szkolnym 2017\/2018 i by\u0142a przeznaczona dla uczni\u00f3w klasy VI i VII, zw\u0142aszcza dla dzieci maj\u0105cych problem z kontrolowaniem wagi i prawid\u0142owym od\u017cywianiem si\u0119. Udzia\u0142 w zaj\u0119ciach\u00a0 by\u0142 dobrowolny. Realizowane na spotkaniach zagadnienia \u0142\u0105czy\u0142y teori\u0119 z praktyk\u0105, pozwala\u0142y zainteresowa\u0107 uczni\u00f3w swoim wygl\u0105dem, zach\u0119ca\u0142y do samodzielnego kontrolowania spo\u017cywanego pokarmu oraz dostarczy\u0142y uczniom wiele satysfakcji z\u00a0 udzia\u0142u w zaj\u0119ciach sportowych.<\/p>\n","protected":false},"excerpt":{"rendered":"<p>Innowacja by\u0142a realizowana w cyklu rocznym w roku szkolnym 2017\/2018 i by\u0142a przeznaczona dla uczni\u00f3w klasy VI i VII, zw\u0142aszcza dla dzieci maj\u0105cych problem z kontrolowaniem wagi i prawid\u0142owym od\u017cywianiem si\u0119. Udzia\u0142 w zaj\u0119ciach\u00a0 by\u0142 dobrowolny. Realizowane na spotkaniach zagadnienia \u0142\u0105czy\u0142y teori\u0119 z praktyk\u0105, pozwala\u0142y zainteresowa\u0107 uczni\u00f3w swoim wygl\u0105dem, zach\u0119ca\u0142y do samodzielnego kontrolowania spo\u017cywanego pokarmu [&hellip;]<\/p>\n","protected":false},"author":1,"featured_media":0,"parent":0,"menu_order":0,"comment_status":"closed","ping_status":"open","template":"","meta":{"ngg_post_thumbnail":0,"footnotes":""},"class_list":["post-26059","page","type-page","status-publish","hentry"],"_links":{"self":[{"href":"https:\/\/sp1lubomierz.pl\/index.php?rest_route=\/wp\/v2\/pages\/26059","targetHints":{"allow":["GET"]}}],"collection":[{"href":"https:\/\/sp1lubomierz.pl\/index.php?rest_route=\/wp\/v2\/pages"}],"about":[{"href":"https:\/\/sp1lubomierz.pl\/index.php?rest_route=\/wp\/v2\/types\/page"}],"author":[{"embeddable":true,"href":"https:\/\/sp1lubomierz.pl\/index.php?rest_route=\/wp\/v2\/users\/1"}],"replies":[{"embeddable":true,"href":"https:\/\/sp1lubomierz.pl\/index.php?rest_route=%2Fwp%2Fv2%2Fcomments&post=26059"}],"version-history":[{"count":1,"href":"https:\/\/sp1lubomierz.pl\/index.php?rest_route=\/wp\/v2\/pages\/26059\/revisions"}],"predecessor-version":[{"id":26060,"href":"https:\/\/sp1lubomierz.pl\/index.php?rest_route=\/wp\/v2\/pages\/26059\/revisions\/26060"}],"wp:attachment":[{"href":"https:\/\/sp1lubomierz.pl\/index.php?rest_route=%2Fwp%2Fv2%2Fmedia&parent=26059"}],"curies":[{"name":"wp","href":"https:\/\/api.w.org\/{rel}","templated":true}]}}