{"id":35209,"date":"2021-09-03T21:26:47","date_gmt":"2021-09-03T19:26:47","guid":{"rendered":"http:\/\/sp1lubomierz.pl\/?page_id=35209"},"modified":"2022-07-26T21:34:26","modified_gmt":"2022-07-26T19:34:26","slug":"rok-szkolny-20212022","status":"publish","type":"page","link":"https:\/\/sp1lubomierz.pl\/?page_id=35209","title":{"rendered":"Rok szkolny 2021\/2022"},"content":{"rendered":"<div class=\"post-inner\">\n<div class=\"post-inner\">\n<h2 style=\"text-align: center;\"><a href=\"http:\/\/sp1lubomierz.pl\/?page_id=35214\">Wrzesie\u0144 2021<\/a><\/h2>\n<h2 style=\"text-align: center;\"><a href=\"http:\/\/sp1lubomierz.pl\/?page_id=35471\">Pa\u017adziernik 2021<\/a><\/h2>\n<h2 style=\"text-align: center;\"><a href=\"http:\/\/sp1lubomierz.pl\/?page_id=36387\">Listopad 2021<\/a><\/h2>\n<h2 style=\"text-align: center;\"><a title=\"Grudzie\u0144 2021\" href=\"http:\/\/sp1lubomierz.pl\/?page_id=36608\">Grudzie\u0144 2021<\/a><\/h2>\n<h2 style=\"text-align: center;\">Stycze\u0144 2022<\/h2>\n<h2 style=\"text-align: center;\"><a href=\"http:\/\/sp1lubomierz.pl\/?page_id=37013\">Luty 2022<\/a><\/h2>\n<h2 style=\"text-align: center;\"><a title=\"Marzec 2022\" href=\"http:\/\/sp1lubomierz.pl\/?page_id=37482\">Marzec 2022<\/a><\/h2>\n<h2 style=\"text-align: center;\"><a href=\"http:\/\/sp1lubomierz.pl\/?page_id=37998\">Kwiecie\u0144 2022<\/a><\/h2>\n<h2 style=\"text-align: center;\"><a href=\"http:\/\/sp1lubomierz.pl\/?page_id=38337\">Maj 2022<\/a><\/h2>\n<h2 style=\"text-align: center;\"><a href=\"http:\/\/sp1lubomierz.pl\/?page_id=38821\">Czerwiec 2022<\/a><\/h2>\n<h2 style=\"text-align: center;\"><a href=\"http:\/\/sp1lubomierz.pl\/?page_id=40133\">Lipiec 2022<\/a><\/h2>\n<\/div>\n<\/div>\n","protected":false},"excerpt":{"rendered":"<p>Wrzesie\u0144 2021 Pa\u017adziernik 2021 Listopad 2021 Grudzie\u0144 2021 Stycze\u0144 2022 Luty 2022 Marzec 2022 Kwiecie\u0144 2022 Maj 2022 Czerwiec 2022 Lipiec 2022<\/p>\n","protected":false},"author":1,"featured_media":0,"parent":0,"menu_order":0,"comment_status":"closed","ping_status":"open","template":"","meta":{"ngg_post_thumbnail":0,"footnotes":""},"class_list":["post-35209","page","type-page","status-publish","hentry"],"_links":{"self":[{"href":"https:\/\/sp1lubomierz.pl\/index.php?rest_route=\/wp\/v2\/pages\/35209","targetHints":{"allow":["GET"]}}],"collection":[{"href":"https:\/\/sp1lubomierz.pl\/index.php?rest_route=\/wp\/v2\/pages"}],"about":[{"href":"https:\/\/sp1lubomierz.pl\/index.php?rest_route=\/wp\/v2\/types\/page"}],"author":[{"embeddable":true,"href":"https:\/\/sp1lubomierz.pl\/index.php?rest_route=\/wp\/v2\/users\/1"}],"replies":[{"embeddable":true,"href":"https:\/\/sp1lubomierz.pl\/index.php?rest_route=%2Fwp%2Fv2%2Fcomments&post=35209"}],"version-history":[{"count":12,"href":"https:\/\/sp1lubomierz.pl\/index.php?rest_route=\/wp\/v2\/pages\/35209\/revisions"}],"predecessor-version":[{"id":40135,"href":"https:\/\/sp1lubomierz.pl\/index.php?rest_route=\/wp\/v2\/pages\/35209\/revisions\/40135"}],"wp:attachment":[{"href":"https:\/\/sp1lubomierz.pl\/index.php?rest_route=%2Fwp%2Fv2%2Fmedia&parent=35209"}],"curies":[{"name":"wp","href":"https:\/\/api.w.org\/{rel}","templated":true}]}}