{"id":35809,"date":"2021-10-14T17:47:03","date_gmt":"2021-10-14T15:47:03","guid":{"rendered":"http:\/\/sp1lubomierz.pl\/?page_id=35809"},"modified":"2021-10-14T17:51:13","modified_gmt":"2021-10-14T15:51:13","slug":"osiagniecia-uczniow-w-roku-szkolnym-20142015","status":"publish","type":"page","link":"https:\/\/sp1lubomierz.pl\/?page_id=35809","title":{"rendered":"Osi\u0105gni\u0119cia uczni\u00f3w w roku szkolnym 2014\/2015"},"content":{"rendered":"<p style=\"text-align: left;\" align=\"center\">27)III miejsce dla Aleksandry W\u0105cha\u0142y i Alicji Kowalczyk oraz &#8222;nagroda publiczno\u015bci&#8221; w III Gminnym Konkursie Piosenki Angielskiej &#8222;My favourite English song&#8221; w Kasince Ma\u0142ej (czerwiec 2015r.)<\/p>\n<p style=\"text-align: left;\" align=\"center\">26) III miejsce dla Jessiki Potaczek, Aleksandry Niedojad, Aleksandry W\u0105cha\u0142y i Julii Ogieli w sztafecie dziewcz\u0105t 4 x 400 m w Gminnych Zawodach w Lekkoatletyce w Kasinie Wielkiej (czerwiec 2015r.)<\/p>\n<p style=\"text-align: left;\" align=\"center\">25) II miejsce dla Jessiki Potaczek z kl. VI w biegu na 300 m w Gminnych Zawodach w Lekkoatletyce w Kasinie Wielkiej (czerwiec 2015r.)<\/p>\n<p style=\"text-align: left;\" align=\"center\">24) II miejsce dla Adriana W\u0105tora z kl. VI w biegu na 300 m w Gminnych Zawodach w Lekkoatletyce w Kasinie Wielkiej (czerwiec 2015r.)<\/p>\n<p style=\"text-align: left;\" align=\"center\">23) III miejsce dla Adama Jani z kl. VI w biegu na 60 m w Gminnych Zawodach w Lekkoatletyce w Kasinie Wielkiej (czerwiec 2015r.)<\/p>\n<p style=\"text-align: left;\" align=\"center\">22) I miejsce dla Julii Ogieli z kl. IV w biegu na 600 m w Gminnych Zawodach w Lekkoatletyce w Kasinie Wielkiej (czerwiec 2015r.)<\/p>\n<p style=\"text-align: left;\" align=\"center\">21) III miejsce dla Adama Jani z kl. VI w rzucie pi\u0142eczk\u0105 palantow\u0105 w Gminnych Zawodach w Lekkoatletyce w Kasinie Wielkiej (czerwiec 2015r.)<\/p>\n<p style=\"text-align: left;\" align=\"center\">20) I miejsce dla Aleksandry Niedojad z kl. VI w rzucie pi\u0142eczk\u0105 palantow\u0105 w Gminnych Zawodach w Lekkoatletyce w Kasinie Wielkiej (czerwiec 2015r.)<\/p>\n<p style=\"text-align: left;\" align=\"center\">19) III miejsce dla Lucjana Babu\u015bki z kl. VI w rzucie pi\u0142ka lekarsk\u0105 w Gminnych Zawodach w Lekkoatletyce w Kasinie Wielkiej (czerwiec 2015r.)<\/p>\n<p style=\"text-align: left;\" align=\"center\">18) I miejsce dla Jessiki Potaczek z kl. VI w rzucie pi\u0142ka lekarsk\u0105 w Gminnych Zawodach w Lekkoatletyce w Kasinie Wielkiej (czerwiec 2015r.)<\/p>\n<p style=\"text-align: left;\" align=\"center\">17) II miejsce dla Mileny Kuczaj z kl. III w VI Gminnym Konkursie Recytatorskim &#8222;Wiersze Ludwika Jerzego Kerna&#8221; w Mszanie G\u00f3rnej (maj 2015r.)<\/p>\n<p style=\"text-align: left;\" align=\"center\">16) Nagrody dla Aleksandry W\u0105cha\u0142y z kl. VI i Piotra Kaima z kl. IV za udzia\u0142 w Szkolnym Turnieju Wiedzy Po\u017carniczej (maj 2015r.)<\/p>\n<p style=\"text-align: left;\" align=\"center\">15) <!-- default-view.php -->\n<div\n\tclass=\"ngg-galleryoverview default-view\n\t ngg-ajax-pagination-none\t\"\n\tid=\"ngg-gallery-ea8bf2b6598c6cb3f3ae91ae114825dd-1\">\n\n\t\t<!-- Thumbnails -->\n\t\t\t\t<div id=\"ngg-image-0\" class=\"ngg-gallery-thumbnail-box\n\t\t\t\t\t\t\t\t\t\t\t\"\n\t\t\t>\n\t\t\t\t\t\t<div class=\"ngg-gallery-thumbnail\">\n\t\t\t<a href=\"https:\/\/sp1lubomierz.pl\/wp-content\/gallery\/dyplomy\/CAM01574.jpg\"\n\t\t\t\ttitle=\"\"\n\t\t\t\tdata-src=\"https:\/\/sp1lubomierz.pl\/wp-content\/gallery\/dyplomy\/CAM01574.jpg\"\n\t\t\t\tdata-thumbnail=\"https:\/\/sp1lubomierz.pl\/wp-content\/gallery\/dyplomy\/thumbs\/thumbs_CAM01574.jpg\"\n\t\t\t\tdata-image-id=\"2585\"\n\t\t\t\tdata-title=\"CAM01574\"\n\t\t\t\tdata-description=\"\"\n\t\t\t\tdata-image-slug=\"cam01574\"\n\t\t\t\tclass=\"ngg-fancybox\" rel=\"ea8bf2b6598c6cb3f3ae91ae114825dd\">\n\t\t\t\t<img\n\t\t\t\t\ttitle=\"CAM01574\"\n\t\t\t\t\talt=\"CAM01574\"\n\t\t\t\t\tsrc=\"https:\/\/sp1lubomierz.pl\/wp-content\/gallery\/dyplomy\/thumbs\/thumbs_CAM01574.jpg\"\n\t\t\t\t\twidth=\"120\"\n\t\t\t\t\theight=\"90\"\n\t\t\t\t\tstyle=\"max-width:100%;\"\n\t\t\t\t\/>\n\t\t\t<\/a>\n\t\t<\/div>\n\t\t\t\t\t\t\t<\/div>\n\t\t\t\n\t\t\t\t<div id=\"ngg-image-1\" class=\"ngg-gallery-thumbnail-box\n\t\t\t\t\t\t\t\t\t\t\t\"\n\t\t\t>\n\t\t\t\t\t\t<div class=\"ngg-gallery-thumbnail\">\n\t\t\t<a href=\"https:\/\/sp1lubomierz.pl\/wp-content\/gallery\/dyplomy\/CAM01575.jpg\"\n\t\t\t\ttitle=\" \"\n\t\t\t\tdata-src=\"https:\/\/sp1lubomierz.pl\/wp-content\/gallery\/dyplomy\/CAM01575.jpg\"\n\t\t\t\tdata-thumbnail=\"https:\/\/sp1lubomierz.pl\/wp-content\/gallery\/dyplomy\/thumbs\/thumbs_CAM01575.jpg\"\n\t\t\t\tdata-image-id=\"2586\"\n\t\t\t\tdata-title=\"CAM01575\"\n\t\t\t\tdata-description=\" \"\n\t\t\t\tdata-image-slug=\"cam01575\"\n\t\t\t\tclass=\"ngg-fancybox\" rel=\"ea8bf2b6598c6cb3f3ae91ae114825dd\">\n\t\t\t\t<img\n\t\t\t\t\ttitle=\"CAM01575\"\n\t\t\t\t\talt=\"CAM01575\"\n\t\t\t\t\tsrc=\"https:\/\/sp1lubomierz.pl\/wp-content\/gallery\/dyplomy\/thumbs\/thumbs_CAM01575.jpg\"\n\t\t\t\t\twidth=\"120\"\n\t\t\t\t\theight=\"90\"\n\t\t\t\t\tstyle=\"max-width:100%;\"\n\t\t\t\t\/>\n\t\t\t<\/a>\n\t\t<\/div>\n\t\t\t\t\t\t\t<\/div>\n\t\t\t\n\t\t\t\t<div id=\"ngg-image-2\" class=\"ngg-gallery-thumbnail-box\n\t\t\t\t\t\t\t\t\t\t\t\"\n\t\t\t>\n\t\t\t\t\t\t<div class=\"ngg-gallery-thumbnail\">\n\t\t\t<a href=\"https:\/\/sp1lubomierz.pl\/wp-content\/gallery\/dyplomy\/CAM01576.jpg\"\n\t\t\t\ttitle=\" \"\n\t\t\t\tdata-src=\"https:\/\/sp1lubomierz.pl\/wp-content\/gallery\/dyplomy\/CAM01576.jpg\"\n\t\t\t\tdata-thumbnail=\"https:\/\/sp1lubomierz.pl\/wp-content\/gallery\/dyplomy\/thumbs\/thumbs_CAM01576.jpg\"\n\t\t\t\tdata-image-id=\"2587\"\n\t\t\t\tdata-title=\"CAM01576\"\n\t\t\t\tdata-description=\" \"\n\t\t\t\tdata-image-slug=\"cam01576\"\n\t\t\t\tclass=\"ngg-fancybox\" rel=\"ea8bf2b6598c6cb3f3ae91ae114825dd\">\n\t\t\t\t<img\n\t\t\t\t\ttitle=\"CAM01576\"\n\t\t\t\t\talt=\"CAM01576\"\n\t\t\t\t\tsrc=\"https:\/\/sp1lubomierz.pl\/wp-content\/gallery\/dyplomy\/thumbs\/thumbs_CAM01576.jpg\"\n\t\t\t\t\twidth=\"120\"\n\t\t\t\t\theight=\"90\"\n\t\t\t\t\tstyle=\"max-width:100%;\"\n\t\t\t\t\/>\n\t\t\t<\/a>\n\t\t<\/div>\n\t\t\t\t\t\t\t<\/div>\n\t\t\t\n\t\n\t<br style=\"clear: both\" \/>\n\n\t\n\t\t<!-- Pagination -->\n\t\t<div class='ngg-clear'><\/div>\t<\/div>\n<\/p>\n<p style=\"text-align: left;\" align=\"center\">14) I miejsce w Powiatowych Zawodach Sportowych w unihokeju dziewcz\u0105t (kwiecie\u0144 2015r.)<\/p>\n<p style=\"text-align: left;\" align=\"center\">13) II miejsce w Gminnych Zawodach Sportowych w unihokeju dziewcz\u0105t (kwiecie\u0144 2015r.)<\/p>\n<p style=\"text-align: left;\" align=\"center\">12) Tytu\u0142 finalisty dla Paw\u0142a Kowalczyka z kl. V w Konkursie tematycznym z przyrody &#8222;Skarby przyrody i ich ochrona&#8221; organizowanego przez Ma\u0142opolskiego Kuratora O\u015bwiaty (marzec 2015r.)<\/p>\n<p style=\"text-align: left;\" align=\"center\"><strong>11)RANKING NAJLEPSZYCH UCZNI\u00d3W, kt\u00f3ry powsta\u0142 na podstawie \u015bredniej ocen za drugi kwarta\u0142 roku szkolnego 2014\/2015<\/strong><\/p>\n<table width=\"690\">\n<tbody>\n<tr>\n<td width=\"135\"><\/td>\n<td width=\"207\"><strong>KLASA 4<\/strong><\/td>\n<td width=\"178\"><strong>KLASA 5<\/strong><\/td>\n<td width=\"170\"><strong>KLASA 6<\/strong><\/td>\n<\/tr>\n<tr>\n<td width=\"135\"><strong>J. POLSKI<\/strong><\/td>\n<td width=\"207\">1.Julia Ogiela<br \/>\n2.Piotr Kaim<br \/>\n3. Kacper Adamczyk<\/td>\n<td width=\"178\">1.Pawe\u0142 Kowalczyk<br \/>\n2. Katarzyna Kozyra<br \/>\n3.Aleksandra Dawiec<\/td>\n<td width=\"170\">1.Jessika Potaczek<br \/>\n2.Kinga Adamczyk<\/td>\n<\/tr>\n<tr>\n<td width=\"135\"><strong>J. ANGIELSKI<\/strong><\/td>\n<td width=\"207\">1. Piotr Kaim<br \/>\n2.Julia Ogiela<br \/>\n3.Kacper Adamczyk<br \/>\n4. Magdalena Kap\u0142oniak<\/td>\n<td width=\"178\">1.Pawe\u0142 Kowalczyk<br \/>\n2. Aleksandra Dawiec<br \/>\n3. Anna W\u0105cha\u0142a<br \/>\n4. Gabriela Kowalczyk<br \/>\n5. Oliwia Kr\u0119\u017cel<br \/>\n6. Izabela Pajka<\/td>\n<td width=\"170\">1.Jessika Potaczek<br \/>\n2. Kinga Dawiec<\/td>\n<\/tr>\n<tr>\n<td width=\"135\"><strong>MATEMATYKA<\/strong><\/td>\n<td width=\"207\">1.Dominik Ko\u0142odziejczyk<br \/>\n2. Piotr Kaim<br \/>\n3. Magdalena Kap\u0142oniak<br \/>\n4. Julia Ogiela<\/td>\n<td width=\"178\">1.Pawe\u0142 Kowalczyk<br \/>\n2. Anna W\u0105cha\u0142a<br \/>\n3. Aleksandra Dawiec<\/td>\n<td width=\"170\">1. Alicja Kowalczyk<br \/>\n2. Aleksandra W\u0105cha\u0142a<\/td>\n<\/tr>\n<tr>\n<td width=\"135\"><strong>PRZYRODA<\/strong><\/td>\n<td width=\"207\">1. Aleksandra Kowalczyk<br \/>\n2. Kacper Adamczyk<br \/>\n3. Piotr Kaim<br \/>\n4. Julia Ogiela<br \/>\n5. Grzegorz Palac<\/td>\n<td width=\"178\">1. Pawe\u0142 Kowalczyk<br \/>\n2. Aleksandra Dawiec<br \/>\n3. Anna W\u0105cha\u0142a<br \/>\n4. El\u017cbieta W\u0105cha\u0142a<\/td>\n<td width=\"170\">1.\u0141ukasz Bia\u0142o\u0144<br \/>\n2. Kinga Dawiec<br \/>\n3. Dariusz Niedojad<br \/>\n4. Aleksandra W\u0105cha\u0142a<\/td>\n<\/tr>\n<tr>\n<td width=\"135\"><strong>HISTORIA<\/strong><\/td>\n<td width=\"207\">1.Julia Ogiela<br \/>\n2. Magdalena Kap\u0142oniak<br \/>\n3. Piotr Kaim<br \/>\n4. Dominik Ko\u0142odziejczyk<\/td>\n<td width=\"178\">1. Aleksandra Dawiec<br \/>\n2. Pawe\u0142 Kowalczyk<br \/>\n3. Katarzyna Kozyra<br \/>\n4. Izabela Pajka<br \/>\n5. Maria Rucka<\/td>\n<td width=\"170\">1.\u0141ukasz Bia\u0142o\u0144<br \/>\n2. Alicja Kowalczyk<br \/>\n3.Aleksandra W\u0105cha\u0142a<\/td>\n<\/tr>\n<\/tbody>\n<\/table>\n<p>10) Wyr\u00f3\u017cnienie dla Kingi Adamczyk, Aleksandry W\u0105cha\u0142y oraz\u00a0Patrycji Ko\u0142odziejczyk z kl. VI w konkursie plastycznym STOP PRZEMOCY (grudzie\u0144 2014r.)<\/p>\n<p>9) Wyr\u00f3\u017cnienie dla zespo\u0142u \u015awarni Lubomiyrzanie w Mi\u0119dzynarodowym Festiwalu Kol\u0119d i\u00a0Pastora\u0142ek w Krakowie (grudzie\u0144 2014r.)<\/p>\n<p>8) Wyr\u00f3\u017cnienie dla Paw\u0142a Barana z kl. III w konkursie: &#8222;Pod\u0142a\u017aniczka, starsza siostra choinki&#8221; (grudzie\u0144 2014r.)<\/p>\n<p>7) <strong>RANKING NAJLEPSZYCH UCZNI\u00d3W, kt\u00f3ry powsta\u0142 na podstawie \u015bredniej ocen za pierwszy kwarta\u0142 roku szkolnego 2014\/2015<br \/>\n<\/strong><\/p>\n<table width=\"690\">\n<tbody>\n<tr>\n<td width=\"135\"><\/td>\n<td width=\"207\"><strong>KLASA 4<\/strong><\/td>\n<td width=\"178\"><strong>KLASA 5<\/strong><\/td>\n<td width=\"170\"><strong>KLASA 6<\/strong><\/td>\n<\/tr>\n<tr>\n<td width=\"135\"><strong>J. POLSKI<\/strong><\/td>\n<td width=\"207\">1.Julia Ogiela2.Kacper Adamczyk3.Piotr Kaim4.Magdalena Kap\u0142oniak5.Aleksandra Kowalczyk<\/td>\n<td width=\"178\">1.Aleksandra Dawiec2.Anna W\u0105cha\u0142a3.Pawe\u0142 Kowalczyk4.Katarzyna Kozyra<\/td>\n<td width=\"170\">1.Jessika Potaczek2.Aleksandra W\u0105cha\u0142a3.Kinga Adamczyk4.Alicja Kowalczyk5.\u0141ukasz Bia\u0142o\u01446.Dariusz Niedojad<\/td>\n<\/tr>\n<tr>\n<td width=\"135\"><strong>J. ANGIELSKI<\/strong><\/td>\n<td width=\"207\">1. Piotr Kaim2. Julia Ogiela3. Magdalena Kap\u0142oniak4. Kacper Adamczyk5. Maria \u015alusarczyk6. Grzegorz Palac7. Patrycja Zasadni8. Aleksandra Kowalczyk9. Piotr Adamczyk10. Dominik Ko\u0142odziejczyk<\/td>\n<td width=\"178\">1.Pawe\u0142 Kowalczyk2. Katarzyna Baran3. Aleksandra Dawiec4. Gabriela Kowalczyk5. Anna W\u0105cha\u0142a6. Izabela Pajka7. El\u017cbieta W\u0105cha\u0142a8. Oliwia Kr\u0119\u017cel9. Magdalena Babu\u015bka10. Katarzyna Kozyra11. Maria Rucka<\/td>\n<td width=\"170\">1.Jessika Potaczek2. Kinga Dawiec3. Aleksandra W\u0105cha\u0142a\u0141ukasz Bia\u0142o\u0144<\/td>\n<\/tr>\n<tr>\n<td width=\"135\"><strong>MATEMATYKA<\/strong><\/td>\n<td width=\"207\">1.Piotr Kaim2. Julia Ogiela3. Dominik Ko\u0142odziejczyk4. Magdalena Kap\u0142oniak5. Piotr KowalczykMaria \u015alusarczyk<\/td>\n<td width=\"178\">1.Pawe\u0142 Kowalczyk2. Anna W\u0105cha\u0142a3. El\u017cbieta W\u0105cha\u0142a4. Aleksandra Dawiec5. Gabriela Kowalczyk<\/td>\n<td width=\"170\">1. Aleksandra W\u0105cha\u0142a2. Jessika Potaczek3. \u0141ukasz Bia\u0142o\u01444. Dariusz Niedojad5. Kinga AdamczykMateusz Kowalczyk<\/td>\n<\/tr>\n<tr>\n<td width=\"135\"><strong>PRZYRODA<\/strong><\/td>\n<td width=\"207\">1.Julia Ogiela2. Piotr Kaim3. Aleksandra Kowalczyk4. Kacper Adamczyk5. Piotr Kowalczyk6. Magdalena Kap\u0142oniak7. Maria \u015alusarczyk8. Dominik Ko\u0142odziejczyk<\/td>\n<td width=\"178\">1.Pawe\u0142 Kowalczyk2. Anna W\u0105cha\u0142a3. El\u017cbieta W\u0105cha\u0142a<\/td>\n<td width=\"170\">1.\u0141ukasz Bia\u0142o\u01442. Jessika Potaczek3. Aleksandra W\u0105cha\u0142a<\/td>\n<\/tr>\n<tr>\n<td width=\"135\"><strong>HISTORIA<\/strong><\/td>\n<td width=\"207\">1.Julia Ogiela<br \/>\nKacper Adamczyk2.Piotr Kaim3.Maria \u015alusarczyk4.Grzegorz Palac<\/td>\n<td width=\"178\">1.Pawe\u0142 Kowalczyk2.Katarzyna Kozyra3.Anna W\u0105cha\u0142a<\/td>\n<td width=\"170\">1.\u0141ukasz Bia\u0142o\u01442.Aleksandra W\u0105cha\u0142a3.Jessika Potaczek<\/td>\n<\/tr>\n<\/tbody>\n<\/table>\n<p>6) KONKURSY KURATORYJNE<\/p>\n<p>Uczniowie naszej szko\u0142y wzi\u0119li udzia\u0142 r\u00f3wnie\u017c w Konkursach Ma\u0142opolskiego Kuratora O\u015bwiaty.<\/p>\n<p>Do etapu rejonowego zakwalifikowali si\u0119:<br \/>\n\u0141ukasz Bia\u0142o\u0144 kl. 6, Pawe\u0142 Kowalczyk kl. 5- Konkurs z przyrody<br \/>\nAleksandra W\u0105cha\u0142a kl. 6 \u2013 Ma\u0142opolski Konkurs Humanistyczny<br \/>\nJessika Potaczek kl. 6, Kinga Dawiec kl. 6 &#8211; Ma\u0142opolski Konkurs J\u0119zyka Angielskiego<\/p>\n<p>5) II miejsce dla dziewcz\u0105t z kl. V w\u00a0Dru\u017cynowym tenisie sto\u0142owym dziewcz\u0105t (listopad 2014r.)<\/p>\n<p>4) II miejsce dla ch\u0142opc\u00f3w z kl. V-VI w Mini pi\u0142ce siatkowej (pa\u017adziernik 2014r.)<\/p>\n<p>3) II miejsce dla dziewcz\u0105t z kl. V-VI w Mini pi\u0142ce siatkowej (pa\u017adziernik 2014r.)<\/p>\n<p>2) III miejsce dla ch\u0142opc\u00f3w z kl. IV-VI w Gminnych Zawodach Sportowych Halowa mini &#8211; pi\u0142ka no\u017cna ch\u0142opc\u00f3w (wrzesie\u0144 2014r.)<\/p>\n<p>1) II miejsce dla Magdaleny Kap\u0142oniak z kl. IV w I Biegu Zag\u00f3rza\u0144skim w kategorii Dziewcz\u0105t klas IV i m\u0142odsze (wrzesie\u0144 2014r.)<\/p>\n","protected":false},"excerpt":{"rendered":"<p>27)III miejsce dla Aleksandry W\u0105cha\u0142y i Alicji Kowalczyk oraz &#8222;nagroda publiczno\u015bci&#8221; w III Gminnym Konkursie Piosenki Angielskiej &#8222;My favourite English song&#8221; w Kasince Ma\u0142ej (czerwiec 2015r.) 26) III miejsce dla Jessiki Potaczek, Aleksandry Niedojad, Aleksandry W\u0105cha\u0142y i Julii Ogieli w sztafecie dziewcz\u0105t 4 x 400 m w Gminnych Zawodach w Lekkoatletyce w Kasinie Wielkiej (czerwiec [&hellip;]<\/p>\n","protected":false},"author":1,"featured_media":0,"parent":0,"menu_order":0,"comment_status":"closed","ping_status":"open","template":"","meta":{"ngg_post_thumbnail":0,"footnotes":""},"class_list":["post-35809","page","type-page","status-publish","hentry"],"_links":{"self":[{"href":"https:\/\/sp1lubomierz.pl\/index.php?rest_route=\/wp\/v2\/pages\/35809","targetHints":{"allow":["GET"]}}],"collection":[{"href":"https:\/\/sp1lubomierz.pl\/index.php?rest_route=\/wp\/v2\/pages"}],"about":[{"href":"https:\/\/sp1lubomierz.pl\/index.php?rest_route=\/wp\/v2\/types\/page"}],"author":[{"embeddable":true,"href":"https:\/\/sp1lubomierz.pl\/index.php?rest_route=\/wp\/v2\/users\/1"}],"replies":[{"embeddable":true,"href":"https:\/\/sp1lubomierz.pl\/index.php?rest_route=%2Fwp%2Fv2%2Fcomments&post=35809"}],"version-history":[{"count":2,"href":"https:\/\/sp1lubomierz.pl\/index.php?rest_route=\/wp\/v2\/pages\/35809\/revisions"}],"predecessor-version":[{"id":35818,"href":"https:\/\/sp1lubomierz.pl\/index.php?rest_route=\/wp\/v2\/pages\/35809\/revisions\/35818"}],"wp:attachment":[{"href":"https:\/\/sp1lubomierz.pl\/index.php?rest_route=%2Fwp%2Fv2%2Fmedia&parent=35809"}],"curies":[{"name":"wp","href":"https:\/\/api.w.org\/{rel}","templated":true}]}}