{"id":35811,"date":"2021-10-14T17:48:34","date_gmt":"2021-10-14T15:48:34","guid":{"rendered":"http:\/\/sp1lubomierz.pl\/?page_id=35811"},"modified":"2021-10-14T17:51:47","modified_gmt":"2021-10-14T15:51:47","slug":"osiagniecia-uczniow-w-roku-szkolnym-202132014","status":"publish","type":"page","link":"https:\/\/sp1lubomierz.pl\/?page_id=35811","title":{"rendered":"Osi\u0105gni\u0119cia uczni\u00f3w w roku szkolnym 2013\/2014"},"content":{"rendered":"<p style=\"text-align: left;\" align=\"center\"><span style=\"font-size: medium;\">16) II miejsce dla Aleksandry W\u0105cha\u0142y z kl. V w II Gminnym Konkursie Piosenki Angielskiej (maj 2014r.)<br \/>\n<\/span><\/p>\n<p style=\"text-align: left;\" align=\"center\"><span style=\"font-size: medium;\">15) III miejsce dla Julii Ogieli z kl. III w II Gminnym Konkursie Piosenki Angielskiej (maj 2014r.)<\/span><\/p>\n<p style=\"text-align: left;\" align=\"center\"><span style=\"font-size: medium;\">14) I miejsce dla Kacpra Adamczyka z kl. III w V Gminnym Konkursie Recytatorskim dla klas trzecich w Mszanie G\u00f3rnej (maj 2014r.) <\/span><\/p>\n<p style=\"text-align: left;\" align=\"center\"><span style=\"font-size: medium;\">13) Wyr\u00f3\u017cnienie dla Wojciecha Wojtyczki z kl. VI w\u00a0powiatowym konkursie plastycznym pt.\u00a0\u201eWolni od\u00a0dymu tytoniowego\u201d, zorganizowanym przez Pa\u0144stwow\u0105 Inspekcj\u0119 Sanitarn\u0105 w\u00a0Limanowej (maj 2014r.) <\/span><\/p>\n<p style=\"text-align: left;\" align=\"center\"><span style=\"font-size: medium;\">12) IV miejsce dla klasy V w pierwszej edycji konkursu programu edukacyjnego Porcja Pozytywnej Energii w kategorii &#8222;Plakat&#8221; (maj 2014r.)<br \/>\n<\/span><\/p>\n<p style=\"text-align: left;\" align=\"center\"><span style=\"font-size: medium;\">11) 8 miejsce w Og\u00f3lnopolskim Konkursie Galileo z j\u0119zyka angielskiego i uzyskanie tytu\u0142u laureata dla Paw\u0142a Kowalczyka z kl. IV (kwiecie\u0144 2014r.)<br \/>\n<\/span><\/p>\n<p style=\"text-align: left;\" align=\"center\"><span style=\"font-size: medium;\">10) III miejsce w Powiatowych Zawodach dziewcz\u0105t w unihokeja (kwiecie\u0144 2014r.)<\/span><\/p>\n<p style=\"text-align: left;\" align=\"center\"><span style=\"font-size: medium;\">9) III miejsce w Gminnych Zawodach ch\u0142opc\u00f3w w unihokeja (kwiecie\u0144 2014r.)<\/span><\/p>\n<p style=\"text-align: left;\" align=\"center\"><span style=\"font-size: medium;\">8) II miejsce w Gminnych Zawodach dziewcz\u0105t w unihokeja (marzec 2014r.)<\/span><\/p>\n<p style=\"text-align: left;\" align=\"center\"><span style=\"font-size: medium;\">7) Wyr\u00f3\u017cnienie dla Wiolety Kuczaj z kl. VI za udzia\u0142 w VIII Konkursie &#8222;Patronowie Naszych Szk\u00f3\u0142&#8221; (marzec 2014r.)<\/span><\/p>\n<p style=\"text-align: left;\" align=\"center\"><span style=\"font-size: medium;\">6) I miejsce dla Kingi Adamczyk z kl. V za udzia\u0142 w VIII Konkursie &#8222;Patronowie Naszych Szk\u00f3\u0142&#8221; (marzec 2014r.)<\/span><\/p>\n<p style=\"text-align: left;\" align=\"center\"><span style=\"font-size: medium;\">5) III miejsce w Gminnych Zawodach w pi\u0142ce no\u017cnej &#8222;Z podw\u00f3rka na stadion&#8221; o puchar Tymbarku (marzec 2014r.)<\/span><\/p>\n<p style=\"text-align: left;\" align=\"center\"><span style=\"font-size: medium;\">4) Wyr\u00f3\u017cnienie dla Aleksandry W\u0105cha\u0142y z kl. V w konkursie plastycznym &#8222;Moja regionalna ozdoba choinkowa&#8221; (grudzie\u0144 2013r.)<\/span><\/p>\n<p style=\"text-align: left;\" align=\"center\"><span style=\"font-size: large;\">3<span style=\"font-size: medium;\">) II miejsce w Gminnych Zawodach Sportowych w mini koszyk\u00f3wce dziewcz\u0105t<\/span><\/span><br \/>\n<span style=\"font-size: medium;\"> (grudzie\u0144 2013r.)<\/span><\/p>\n<p style=\"text-align: left;\" align=\"center\"><span style=\"font-size: medium;\">2) Wyr\u00f3\u017cnienie dla Tomasza Wojtyczki z kl. VI w Mi\u0119dzyszkolnym Konkursie Multimedialnym\u00a0 &#8222;Jan Pawe\u0142 II &#8211; Papie\u017c Dialogu&#8221; (pa\u017adziernik 2013r.)<\/span><\/p>\n<p style=\"text-align: left;\" align=\"center\"><span style=\"font-size: medium;\">1) I miejsce dla Kingi Adamczyk z kl. V w Mi\u0119dzyszkolnym Konkursie Dziennikarskim\u00a0 &#8222;Jan Pawe\u0142 II &#8211; Papie\u017c Dialogu&#8221; (pa\u017adziernik 2013r.)<\/span><\/p>\n<p><span style=\"font-size: large;\">\u00a0<\/span><\/p>\n","protected":false},"excerpt":{"rendered":"<p>16) II miejsce dla Aleksandry W\u0105cha\u0142y z kl. V w II Gminnym Konkursie Piosenki Angielskiej (maj 2014r.) 15) III miejsce dla Julii Ogieli z kl. III w II Gminnym Konkursie Piosenki Angielskiej (maj 2014r.) 14) I miejsce dla Kacpra Adamczyka z kl. III w V Gminnym Konkursie Recytatorskim dla klas trzecich w Mszanie G\u00f3rnej (maj [&hellip;]<\/p>\n","protected":false},"author":1,"featured_media":0,"parent":0,"menu_order":0,"comment_status":"closed","ping_status":"open","template":"","meta":{"ngg_post_thumbnail":0,"footnotes":""},"class_list":["post-35811","page","type-page","status-publish","hentry"],"_links":{"self":[{"href":"https:\/\/sp1lubomierz.pl\/index.php?rest_route=\/wp\/v2\/pages\/35811","targetHints":{"allow":["GET"]}}],"collection":[{"href":"https:\/\/sp1lubomierz.pl\/index.php?rest_route=\/wp\/v2\/pages"}],"about":[{"href":"https:\/\/sp1lubomierz.pl\/index.php?rest_route=\/wp\/v2\/types\/page"}],"author":[{"embeddable":true,"href":"https:\/\/sp1lubomierz.pl\/index.php?rest_route=\/wp\/v2\/users\/1"}],"replies":[{"embeddable":true,"href":"https:\/\/sp1lubomierz.pl\/index.php?rest_route=%2Fwp%2Fv2%2Fcomments&post=35811"}],"version-history":[{"count":4,"href":"https:\/\/sp1lubomierz.pl\/index.php?rest_route=\/wp\/v2\/pages\/35811\/revisions"}],"predecessor-version":[{"id":35819,"href":"https:\/\/sp1lubomierz.pl\/index.php?rest_route=\/wp\/v2\/pages\/35811\/revisions\/35819"}],"wp:attachment":[{"href":"https:\/\/sp1lubomierz.pl\/index.php?rest_route=%2Fwp%2Fv2%2Fmedia&parent=35811"}],"curies":[{"name":"wp","href":"https:\/\/api.w.org\/{rel}","templated":true}]}}