{"id":35842,"date":"2021-10-14T18:19:32","date_gmt":"2021-10-14T16:19:32","guid":{"rendered":"http:\/\/sp1lubomierz.pl\/?page_id=35842"},"modified":"2021-10-14T18:19:32","modified_gmt":"2021-10-14T16:19:32","slug":"osiagniecia-uczniow-w-roku-szkolnym-20202021","status":"publish","type":"page","link":"https:\/\/sp1lubomierz.pl\/?page_id=35842","title":{"rendered":"Osi\u0105gni\u0119cia uczni\u00f3w w roku szkolnym 2020\/2021"},"content":{"rendered":"<p><strong>Zawody sportowe:<\/strong><\/p>\n<table width=\"112%\">\n<tbody>\n<tr>\n<td width=\"4%\">LP<\/td>\n<td width=\"25%\">TEMAT KONKURSU<\/td>\n<td width=\"19%\">ETAP<\/td>\n<td width=\"9%\">MIEJSCE<\/td>\n<td width=\"9%\">liczba przygot.<\/p>\n<p>Uczni\u00f3w<\/td>\n<td width=\"31%\">Uczniowie<\/p>\n<p>&nbsp;<\/td>\n<\/tr>\n<tr>\n<td width=\"4%\"><\/td>\n<td width=\"25%\">Halowa pi\u0142ka no\u017cna<\/td>\n<td width=\"19%\">Gminne zawody sportowe<\/td>\n<td width=\"9%\">udzia\u0142<\/td>\n<td width=\"9%\">7<\/td>\n<td width=\"31%\">kl. VI<\/td>\n<\/tr>\n<\/tbody>\n<\/table>\n<p><strong>\u00a0<\/strong><\/p>\n<p><strong>Inne konkursy:<\/strong><\/p>\n<table>\n<tbody>\n<tr>\n<td width=\"120\">Imi\u0119 i nazwisko<\/td>\n<td width=\"120\">Imi\u0119 i nazwisko n-la prowadz\u0105cego ucznia<\/td>\n<td width=\"142\">Nazwa konkursu<\/td>\n<td width=\"119\">Osi\u0105gni\u0119cia (finalista, laureat)<\/td>\n<td width=\"119\">Etap<\/td>\n<\/tr>\n<tr>\n<td width=\"120\">M. Ko\u0142odziejczyk III<\/td>\n<td width=\"120\">K. Wojtyczka<\/p>\n<p>&nbsp;<\/p>\n<p>&nbsp;<\/p>\n<p>&nbsp;<\/p>\n<p>&nbsp;<\/p>\n<p>G, Dawiec<\/td>\n<td width=\"142\">Portret mojej ulubionej postaci fantastycznej z bajki, ba\u015bni, legendy. Mi\u0119dzynarodowy \u00a0 Konkurs Matematyczny Kangur<\/p>\n<p>&nbsp;<\/td>\n<td width=\"119\">III<\/p>\n<p>&nbsp;<\/p>\n<p>&nbsp;<\/p>\n<p>&nbsp;<\/p>\n<p>&nbsp;<\/p>\n<p>wyr\u00f3\u017cnienie<\/td>\n<td width=\"119\">Gminny<\/p>\n<p>&nbsp;<\/p>\n<p>&nbsp;<\/p>\n<p>&nbsp;<\/p>\n<p>&nbsp;<\/p>\n<p>og\u00f3lnopolski<\/td>\n<\/tr>\n<tr>\n<td width=\"120\">M. Potaczek kl.VI b<\/p>\n<p>B. Kacik VI b<\/p>\n<p>E. Wojtyczka VI a<\/p>\n<p>&nbsp;<\/td>\n<td width=\"120\">K. Wojtyczka<\/td>\n<td width=\"142\">Dobry zwyczaj \u2013 wypo\u017cyczaj.<\/td>\n<td width=\"119\">III<\/p>\n<p>&nbsp;<\/p>\n<p>wyr\u00f3\u017cnienie<\/p>\n<p>wyr\u00f3\u017cnienie<\/td>\n<td width=\"119\">powiatowy<\/td>\n<\/tr>\n<tr>\n<td width=\"120\">O. Cebula IV<\/p>\n<p>J. Kowalczyk IV<\/td>\n<td width=\"120\">E. Drabik<\/td>\n<td width=\"142\">Mi\u0119dzynarodowy \u00a0 Konkurs Matematyczny Kangur<\/td>\n<td width=\"119\">wyr\u00f3\u017cnienia<\/td>\n<td width=\"119\">og\u00f3lnopolski<\/td>\n<\/tr>\n<tr>\n<td width=\"120\">J. Kolibabka I<\/p>\n<p>M. Obajtek VIa<\/p>\n<p>Sz. \u00a0 Obajtek II<\/p>\n<p>M. Zasadni III<\/p>\n<p>M. Palac III<\/p>\n<p>J. Kowalczyk I<\/p>\n<p>&nbsp;<\/td>\n<td width=\"120\">K. Wojtyczka<\/td>\n<td width=\"142\">Bezpiecznie na wsi.<\/td>\n<td width=\"119\">&nbsp;<\/p>\n<p>wyr\u00f3\u017cnienia<\/td>\n<td width=\"119\">powiatowy<\/td>\n<\/tr>\n<tr>\n<td width=\"120\">J. Palac VII<\/p>\n<p>A. Kaleta VII<\/p>\n<p>J. Kolibabka I<\/p>\n<p>U. Kolibabka VI a<\/td>\n<td width=\"120\">K. Wojtyczka<\/td>\n<td width=\"142\">G\u00f3ralskie cytanie \u2013 k. plastyczny<\/td>\n<td width=\"119\">wyr\u00f3\u017cnienie<\/p>\n<p>wyr\u00f3\u017cnienie<\/p>\n<p>III<\/p>\n<p>I<\/td>\n<td width=\"119\">wojew\u00f3dzki<\/td>\n<\/tr>\n<tr>\n<td width=\"120\">D. Chor\u0105gwicka II<\/td>\n<td width=\"120\">K. Wojtyczka<\/p>\n<p>&nbsp;<\/p>\n<p>&nbsp;<\/p>\n<p>&nbsp;<\/p>\n<p>&nbsp;<\/td>\n<td width=\"142\">Mi\u0119dzynarodowy \u00a0 Konkurs Matematyczny Kangur<\/td>\n<td width=\"119\">wyr\u00f3\u017cnienie<\/td>\n<td width=\"119\">og\u00f3lnopolski<\/td>\n<\/tr>\n<tr>\n<td width=\"120\">J. Z\u0142ydaszyk VIII<\/p>\n<p>A. Jurkowska VIII<\/td>\n<td width=\"120\">M. Kawecka<\/td>\n<td width=\"142\">Ma\u0142opolski Konkurs J\u0119zyka Polskiego<\/p>\n<p>&nbsp;<\/td>\n<td width=\"119\">udzia\u0142<\/td>\n<td width=\"119\">rejonowy<\/td>\n<\/tr>\n<tr>\n<td width=\"120\">M. Wojtyczka VIII<\/p>\n<p>P. Wojtyczka VIII<\/p>\n<p>&nbsp;<\/p>\n<p>&nbsp;<\/p>\n<p>A.Jurkowska kl. VIII<\/td>\n<td width=\"120\">&nbsp;<\/p>\n<p>M. Kawecka<\/td>\n<td width=\"142\">VIII edycja Dyktanda Niepodleg\u0142o\u015bciowego \u201ePo polsku o historii\u201d<\/p>\n<p>&nbsp;<\/td>\n<td width=\"119\">&nbsp;<\/p>\n<p>udzia\u0142<\/p>\n<p>&nbsp;<\/p>\n<p>&nbsp;<\/p>\n<p>laureat<\/td>\n<td width=\"119\">wojew\u00f3dzki<\/p>\n<p>&nbsp;<\/td>\n<\/tr>\n<tr>\n<td width=\"120\">B. Kacik kl.VI b<\/p>\n<p>B. Z\u0142ydaszyk kl. VI b<\/p>\n<p>P.Wojtyczka<\/p>\n<p>kl. VIII<\/p>\n<p>M. Wojtyczka kl.VIII<\/p>\n<p>A. Jurkowska kl.VIII<\/p>\n<p>J. Z\u0142ydaszyk kl.VIII<\/p>\n<p>&nbsp;<\/td>\n<td width=\"120\">K. Franczyk<\/td>\n<td width=\"142\">Ma\u0142opolski Konkurs Wiedzy o Chorwacji<\/td>\n<td width=\"119\">udzia\u0142<\/td>\n<td width=\"119\">wojew\u00f3dzki<\/td>\n<\/tr>\n<\/tbody>\n<\/table>\n<p><strong>\u00a0<\/strong><\/p>\n<p><strong>\u00a0<\/strong><\/p>\n<p>&nbsp;<\/p>\n","protected":false},"excerpt":{"rendered":"<p>Zawody sportowe: LP TEMAT KONKURSU ETAP MIEJSCE liczba przygot. Uczni\u00f3w Uczniowie &nbsp; Halowa pi\u0142ka no\u017cna Gminne zawody sportowe udzia\u0142 7 kl. VI \u00a0 Inne konkursy: Imi\u0119 i nazwisko Imi\u0119 i nazwisko n-la prowadz\u0105cego ucznia Nazwa konkursu Osi\u0105gni\u0119cia (finalista, laureat) Etap M. Ko\u0142odziejczyk III K. Wojtyczka &nbsp; &nbsp; &nbsp; &nbsp; G, Dawiec Portret mojej ulubionej postaci [&hellip;]<\/p>\n","protected":false},"author":1,"featured_media":0,"parent":0,"menu_order":0,"comment_status":"closed","ping_status":"open","template":"","meta":{"ngg_post_thumbnail":0,"footnotes":""},"class_list":["post-35842","page","type-page","status-publish","hentry"],"_links":{"self":[{"href":"https:\/\/sp1lubomierz.pl\/index.php?rest_route=\/wp\/v2\/pages\/35842","targetHints":{"allow":["GET"]}}],"collection":[{"href":"https:\/\/sp1lubomierz.pl\/index.php?rest_route=\/wp\/v2\/pages"}],"about":[{"href":"https:\/\/sp1lubomierz.pl\/index.php?rest_route=\/wp\/v2\/types\/page"}],"author":[{"embeddable":true,"href":"https:\/\/sp1lubomierz.pl\/index.php?rest_route=\/wp\/v2\/users\/1"}],"replies":[{"embeddable":true,"href":"https:\/\/sp1lubomierz.pl\/index.php?rest_route=%2Fwp%2Fv2%2Fcomments&post=35842"}],"version-history":[{"count":1,"href":"https:\/\/sp1lubomierz.pl\/index.php?rest_route=\/wp\/v2\/pages\/35842\/revisions"}],"predecessor-version":[{"id":35843,"href":"https:\/\/sp1lubomierz.pl\/index.php?rest_route=\/wp\/v2\/pages\/35842\/revisions\/35843"}],"wp:attachment":[{"href":"https:\/\/sp1lubomierz.pl\/index.php?rest_route=%2Fwp%2Fv2%2Fmedia&parent=35842"}],"curies":[{"name":"wp","href":"https:\/\/api.w.org\/{rel}","templated":true}]}}