{"id":43396,"date":"2023-08-29T11:59:20","date_gmt":"2023-08-29T09:59:20","guid":{"rendered":"http:\/\/sp1lubomierz.pl\/?page_id=43396"},"modified":"2024-06-13T12:41:28","modified_gmt":"2024-06-13T10:41:28","slug":"wycieczki-i-uroczystosci-3","status":"publish","type":"page","link":"https:\/\/sp1lubomierz.pl\/?page_id=43396","title":{"rendered":"Wycieczki i uroczysto\u015bci"},"content":{"rendered":"<p>\u00a0<\/p>\n<p style=\"text-align: center;\"><strong>Wycieczka Przedszkolna do Bramy w Gorce w Waksmundzie: Przygoda z Warsztatami<\/strong><\/p>\n<p style=\"text-align: justify;\"><a href=\"http:\/\/sp1lubomierz.pl\/wp-content\/uploads\/2024\/06\/IMG-20240613-WA0035-1.jpg\"><img loading=\"lazy\" decoding=\"async\" class=\"alignleft size-thumbnail wp-image-46730\" src=\"http:\/\/sp1lubomierz.pl\/wp-content\/uploads\/2024\/06\/IMG-20240613-WA0035-1-150x150.jpg\" alt=\"\" width=\"150\" height=\"150\" \/><\/a>W pochmurny poranek 12. 06. 2024 r., kiedy niebo pokryte by\u0142o szarymi chmurami, dzieci z oddzia\u0142\u00f3w przedszkolnych pe\u0142ne entuzjazmu wyruszy\u0142y na d\u0142ugo wyczekiwan\u0105 wycieczk\u0119. Pomimo braku s\u0142o\u0144ca, ich zapa\u0142 nie gas\u0142, a czeka\u0142a ich niezwyk\u0142a przygoda \u2013 wycieczka do\u00a0 Bramy w Gorce. W malowniczym Waksmundzie dzieci uczestniczy\u0142y w warsztatach na \u0142onie natury. Poprzez zabaw\u0119 najm\u0142odsi mogli zanurzy\u0107 si\u0119 w fascynuj\u0105cy \u015bwiat flory i fauny. Podczas naszej wizyty przewodnik z entuzjazmem oprowadza\u0142 dzieci po niezwyk\u0142ej \u015bcie\u017cce w koronie drzew. Ta podniebna trasa pozwoli\u0142a najm\u0142odszym na zupe\u0142nie now\u0105 perspektyw\u0119, z kt\u00f3rej mogli podziwia\u0107 pi\u0119kno lasu. Przewodnik opowiada\u0142 fascynuj\u0105ce historie o mieszka\u0144cach drzew oraz ciekawostki zwi\u0105zane z \u017cyciem na r\u00f3\u017cnych wysoko\u015bciach ekosystemu. Dzieci by\u0142y zachwycone mo\u017cliwo\u015bci\u0105 obserwacji ptak\u00f3w i innych le\u015bnych zwierz\u0105t z bliska. Podczas naszej wizyty, dzieci mia\u0142y okazj\u0119 uczestniczy\u0107 w ciekawych i inspiruj\u0105cych zaj\u0119ciach. Warsztaty prowadzone by\u0142y w pawilonie edukacji botaniczno-zoologicznej, gdzie najm\u0142odsi mogli z bliska pozna\u0107 r\u00f3\u017cnorodne gatunki ro\u015blin i zwierz\u0105t. Dzieci, wyposa\u017cone w lupy, z zapa\u0142em przeszukiwa\u0142y teren lasu, poszukuj\u0105c skarb\u00f3w natury, takich jak unikalne li\u015bcie, kamienie i mchy. Przedszkolaki ze znalezionych \u201eskarb\u00f3w\u201d wykona\u0142y pami\u0105tkowe magnesy.<\/p>\n<p style=\"text-align: justify;\">Podsumowuj\u0105c, wycieczka do Bramy w Gorce w Waksmundzie by\u0142a pe\u0142na przyg\u00f3d. Dzieci wr\u00f3ci\u0142y do domu z g\u0142owami pe\u0142nymi wiedzy i sercami pe\u0142nymi rado\u015bci, a pami\u0105tkowe magnesy, wykonane podczas warsztat\u00f3w, b\u0119d\u0105 im przypomina\u0107 o tej niezwyk\u0142ej wyprawie jeszcze przez d\u0142ugi czas.<\/p>\n<p style=\"text-align: right;\">red. A. Kolodziejczyk<\/p>\n<p><iframe loading=\"lazy\" title=\"Brama w Gorce\" width=\"500\" height=\"375\" src=\"https:\/\/www.youtube.com\/embed\/NJGA91BMVNc?feature=oembed\" frameborder=\"0\" allow=\"accelerometer; autoplay; clipboard-write; encrypted-media; gyroscope; picture-in-picture; web-share\" referrerpolicy=\"strict-origin-when-cross-origin\" allowfullscreen><\/iframe><\/p>\n<p style=\"text-align: justify;\">\u00a0<\/p>\n<p style=\"text-align: center;\"><strong>Zabawa karnawa\u0142owa w\u00a0oddzia\u0142ach przedszkolnych<\/strong><\/p>\n<p style=\"text-align: justify;\">Karnawa\u0142 to czas zabaw i bal\u00f3w, tak\u017ce dla najm\u0142odszych. Kolorowe stroje, bajeczny wystr\u00f3j i skoczna muzyka &#8211; w takiej atmosferze bawi\u0142y si\u0119 dzieci\u00a09 lutego podczas balu karnawa\u0142owego.<strong>\u00a0<\/strong>Przedszkolaki z dum\u0105 prezentowa\u0142y bajeczne stroje. Z wielk\u0105 ochot\u0105 uczestniczy\u0142y\u00a0 w ta\u0144cach, zabawach i konkursach.<br \/>Dzieci wcieli\u0142y si\u0119 w\u00a0r\u00f3\u017cne postacie bajkowe. Zamieni\u0142y si\u0119 w\u00a0kr\u00f3lewny, ksi\u0119\u017cniczki, wr\u00f3\u017cki, Elzy, superman\u00f3w, pirat\u00f3w, hulk\u00f3w, stra\u017cak\u00f3w czy kowboj\u00f3w. Przebiera\u0144cy \u015bwietnie si\u0119 bawili, \u00a0uczestnicz\u0105c we\u00a0wsp\u00f3lnych zabawach, a\u00a0skoczna i\u00a0rytmiczna muzyka zach\u0119ca\u0142a do\u00a0ta\u0144ca.<br \/>G\u0142\u00f3wn\u0105 atrakcj\u0105 balu by\u0142y brokatowe tatua\u017ce &#8211; to trend, za kt\u00f3rym szalej\u0105 ma\u0142e, jak i du\u017ce dzieci. Uczestnicy balu mogli wybiera\u0107 spo\u015br\u00f3d r\u00f3\u017cnorodnych wzor\u00f3w i kolor\u00f3w, motywy zwierz\u0105t, pi\u0142karzy, postaci z bajek \u2013 mo\u017cliwo\u015bci by\u0142y \u00a0nieograniczone! Pi\u0119kne wzory i kolory brokat\u00f3w, przyci\u0105ga\u0142y oko z daleka.<\/p>\n<p style=\"text-align: justify;\">Wszystkim zabawom towarzyszy\u0142 \u015bmiech, rado\u015b\u0107 i spontaniczna aktywno\u015b\u0107 dzieci, a ca\u0142y bal karnawa\u0142owy przebiega\u0142 w mi\u0142ej, serdecznej atmosferze i dostarczy\u0142 niezapomnianych wra\u017ce\u0144. W trakcie karnawa\u0142owych szale\u0144stw by\u0142 czas na\u00a0 s\u0142odk\u0105 przek\u0105sk\u0119, jak r\u00f3wnie\u017c na pami\u0105tkowe zdj\u0119cia.<\/p>\n<p>\u00a0<\/p>\n<p style=\"text-align: right;\">red. Wychowawczynie oddzia\u0142\u00f3w przedszkolnych<\/p>\n<p style=\"text-align: center;\"><a href=\"http:\/\/sp1lubomierz.pl\/?page_id=45728\">Galeria zdj\u0119\u0107<\/a><\/p>\n<p><iframe loading=\"lazy\" title=\"BAL KARNAWA\u0141OWY\" width=\"500\" height=\"375\" src=\"https:\/\/www.youtube.com\/embed\/nbPh7TXIj8I?feature=oembed\" frameborder=\"0\" allow=\"accelerometer; autoplay; clipboard-write; encrypted-media; gyroscope; picture-in-picture; web-share\" referrerpolicy=\"strict-origin-when-cross-origin\" allowfullscreen><\/iframe><\/p>\n<p style=\"text-align: center;\"><strong>WYJAZD DO TEATRU RABCIO NA SPEKTAKL PT. ,,ZIMOWA PRZYGODA\u201d<\/strong><\/p>\n<p style=\"text-align: justify;\"><a href=\"http:\/\/sp1lubomierz.pl\/wp-content\/uploads\/2024\/02\/423903900_1150565489259662_651580075967382609_n.jpg\"><img loading=\"lazy\" decoding=\"async\" class=\"alignleft size-thumbnail wp-image-45686\" src=\"http:\/\/sp1lubomierz.pl\/wp-content\/uploads\/2024\/02\/423903900_1150565489259662_651580075967382609_n-150x150.jpg\" alt=\"\" width=\"150\" height=\"150\" \/><\/a>\u00a06 grudnia 2024r. nasze przedszkolaki\u00a0pojecha\u0142y na wycieczk\u0119 do Teatru\u00a0 Lalek\u00a0 \u201eRabcio\u201d\u00a0 w Rabce-Zdroju na spektakl pt: \u201e Zimowa\u00a0 przygoda\u201d. Zimowy \u015bwiat przedstawienia stworzony by\u0142 z babcinych we\u0142nianych rob\u00f3tek.\u00a0 Spad\u0142 pierwszy \u015bnieg! Ale babcia nie pozwala wyj\u015b\u0107 dzieciom pobawi\u0107 si\u0119 na zewn\u0105trz. Jednak od czego jest wyobra\u017ania? Jurek, Zosia i Stenia radz\u0105 sobie wy\u015bmienicie, robi\u0105c ba\u0142wanka z w\u0142\u00f3czkowych kul i obdarowuj\u0105c go wyci\u0119tym z papieru sercem! Ono za\u015b sprawia, \u017ce ba\u0142wanek o\u017cywa i jest ch\u0119tny do wsp\u00f3lnej zabawy z dzie\u0107mi i babci\u0105. Ciep\u0142a opowie\u015b\u0107 pe\u0142na pomys\u0142\u00f3w na to, jak wype\u0142ni\u0107 wn\u0119trze domu zabaw\u0105.<\/p>\n<p><a href=\"http:\/\/sp1lubomierz.pl\/wp-content\/uploads\/2024\/02\/423903900_1150565489259662_651580075967382609_n-1-1.jpg\"><img loading=\"lazy\" decoding=\"async\" class=\"alignleft size-thumbnail wp-image-45685\" src=\"http:\/\/sp1lubomierz.pl\/wp-content\/uploads\/2024\/02\/423903900_1150565489259662_651580075967382609_n-1-1-150x150.jpg\" alt=\"\" width=\"150\" height=\"150\" \/><\/a> <a href=\"http:\/\/sp1lubomierz.pl\/wp-content\/uploads\/2024\/02\/423686598_1014109153620971_419507926877973414_n.jpg\"><img loading=\"lazy\" decoding=\"async\" class=\"alignleft size-thumbnail wp-image-45684\" src=\"http:\/\/sp1lubomierz.pl\/wp-content\/uploads\/2024\/02\/423686598_1014109153620971_419507926877973414_n-150x150.jpg\" alt=\"\" width=\"150\" height=\"150\" \/><\/a> <a href=\"http:\/\/sp1lubomierz.pl\/wp-content\/uploads\/2024\/02\/423105502_757654046151208_4899262283109792018_n.jpg\"><img loading=\"lazy\" decoding=\"async\" class=\"alignleft size-thumbnail wp-image-45683\" src=\"http:\/\/sp1lubomierz.pl\/wp-content\/uploads\/2024\/02\/423105502_757654046151208_4899262283109792018_n-150x150.jpg\" alt=\"\" width=\"150\" height=\"150\" \/><\/a> <a href=\"http:\/\/sp1lubomierz.pl\/wp-content\/uploads\/2024\/02\/423036434_3715758638707753_3093089148702813790_n.jpg\"><img loading=\"lazy\" decoding=\"async\" class=\"alignleft size-thumbnail wp-image-45682\" src=\"http:\/\/sp1lubomierz.pl\/wp-content\/uploads\/2024\/02\/423036434_3715758638707753_3093089148702813790_n-150x150.jpg\" alt=\"\" width=\"150\" height=\"150\" \/><\/a> <a href=\"http:\/\/sp1lubomierz.pl\/wp-content\/uploads\/2024\/02\/423036403_351851671100375_7047927766003135203_n.jpg\"><img loading=\"lazy\" decoding=\"async\" class=\"alignleft size-thumbnail wp-image-45680\" src=\"http:\/\/sp1lubomierz.pl\/wp-content\/uploads\/2024\/02\/423036403_351851671100375_7047927766003135203_n-150x150.jpg\" alt=\"\" width=\"150\" height=\"150\" \/><\/a> <a href=\"http:\/\/sp1lubomierz.pl\/wp-content\/uploads\/2024\/02\/423903900_1150565489259662_651580075967382609_n-1.jpg\"><img loading=\"lazy\" decoding=\"async\" class=\"aligncenter size-thumbnail wp-image-45679\" src=\"http:\/\/sp1lubomierz.pl\/wp-content\/uploads\/2024\/02\/423903900_1150565489259662_651580075967382609_n-1-150x150.jpg\" alt=\"\" width=\"150\" height=\"150\" \/><\/a><\/p>\n<p>\u00a0<\/p>\n<p style=\"text-align: center;\"><strong>Zabawa Andrzejkowa przedszkolak\u00f3w<\/strong><\/p>\n<p style=\"text-align: justify;\"><a href=\"http:\/\/sp1lubomierz.pl\/wp-content\/uploads\/2023\/12\/387484532_1027317881939459_4222474204050926452_n.jpg\"><img loading=\"lazy\" decoding=\"async\" class=\"alignleft size-thumbnail wp-image-44697\" src=\"http:\/\/sp1lubomierz.pl\/wp-content\/uploads\/2023\/12\/387484532_1027317881939459_4222474204050926452_n-150x150.jpg\" alt=\"\" width=\"150\" height=\"150\" \/><\/a>Andrzejki s\u0105 wspania\u0142\u0105 okazj\u0105 do dobrej zabawy, a jednocze\u015bnie \u017ar\u00f3d\u0142em szacunku dla tradycji i obrz\u0119d\u00f3w ludowych. Wr\u00f3\u017cby pobudzaj\u0105 wyobra\u017ani\u0119, ucz\u0105 kreatywno\u015bci, pozwalaj\u0105 oderwa\u0107 si\u0119 od rzeczywisto\u015bci i przenie\u015b\u0107 w \u015bwiat marze\u0144 i fantazji. 29 listopada dzieci z oddzia\u0142\u00f3w przedszkolnych wybra\u0142y si\u0119 do Sali zabaw \u201eNibylandia\u201d w \u0141\u0105cku. Dla przedszkolak\u00f3w by\u0142 to dzie\u0144 bardzo radosny &#8211; pe\u0142en zabaw i wr\u00f3\u017cb. Dzieci mog\u0142y pozna\u0107 swoj\u0105 bli\u017csz\u0105 i dalsz\u0105 przysz\u0142o\u015b\u0107. Wr\u00f3\u017cby przeplatane by\u0142y ta\u0144cami oraz zabawami przy skocznej muzyce. Przedszkolaki mog\u0142y skorzysta\u0107 r\u00f3wnie\u017c z licznych atrakcji, m. in. z basenu z tysi\u0105cem kulek, licznych tuneli, zje\u017cd\u017calni, mog\u0142y te\u017c budowa\u0107 obiekty z du\u017cych klock\u00f3w itp. Pod koniec zabawy przedszkolaki raczy\u0142y si\u0119 s\u0142odkim pocz\u0119stunkiem. Zabawa Andrzejkowa \u00a0by\u0142a dla dzieci nie tylko okazj\u0105 do zabawy, ale tak\u017ce do budowania wsp\u00f3lnoty i integrowania si\u0119. Rado\u015b\u0107 i u\u015bmiechy uczestnik\u00f3w by\u0142y najcenniejszym \u015bwiadectwem udanej imprezy.<\/p>\n<p style=\"text-align: right;\">red. A. W\u0105cha\u0142a<\/p>\n<p><iframe loading=\"lazy\" title=\"4 grudnia 2023\" width=\"500\" height=\"375\" src=\"https:\/\/www.youtube.com\/embed\/BiGup7-WJU8?feature=oembed\" frameborder=\"0\" allow=\"accelerometer; autoplay; clipboard-write; encrypted-media; gyroscope; picture-in-picture; web-share\" referrerpolicy=\"strict-origin-when-cross-origin\" allowfullscreen><\/iframe><\/p>\n<p>\u00a0<\/p>\n<p style=\"text-align: center;\"><strong>Wycieczka przedszkolak\u00f3w do Gospodarstwa Edukacyjnego <br \/><\/strong><strong>\u201eW Zielonym Gaju\u201d<\/strong><\/p>\n<p style=\"text-align: justify;\"><strong><a href=\"http:\/\/sp1lubomierz.pl\/wp-content\/uploads\/2023\/10\/394036938_327666173284806_1834921934358151532_n.jpg\"><img loading=\"lazy\" decoding=\"async\" class=\"alignleft size-thumbnail wp-image-44319\" src=\"http:\/\/sp1lubomierz.pl\/wp-content\/uploads\/2023\/10\/394036938_327666173284806_1834921934358151532_n-150x150.jpg\" alt=\"\" width=\"150\" height=\"150\" \/><\/a>\u00a0<\/strong>12 pa\u017adziernika 2023 roku dzieci z oddzia\u0142\u00f3w przedszkolnych wybra\u0142y si\u0119 \u00a0na wycieczk\u0119 do miejscowo\u015bci Jastrz\u0119bie nieopodal \u0141ukowicy, aby zwiedzi\u0107 gospodarstwo edukacyjne \u201eW Zielonym Gaju\u201d. Pobyt w gospodarstwie zacz\u0119\u0142y od spotkania ze zwierz\u0119tami w Mini zoo. Ch\u0119tnie karmi\u0142y barany chlebem przygotowanym przez gospodyni\u0119 pani\u0105 Agat\u0119 oraz s\u0142ucha\u0142y pogadanki na temat \u017cywienia zwierz\u0105t i odpowiedniego zachowania si\u0119 w stosunku do nich.<br \/>Dzieci mog\u0142y por\u00f3wna\u0107 \u017cycie na wsi \u201ewczoraj i dzi\u015b\u201d zwiedzaj\u0105c ponad stuletni dom wyposa\u017cony w starodawne sprz\u0119ty domowe oraz rolnicze. Zobaczy\u0142y m.in. piec do pieczenia chleba, lamp\u0119 naftow\u0105, \u017celazko z dusz\u0105, tar\u0119, wag\u0119, \u0142\u00f3\u017cko z siennikiem, ko\u0142ysk\u0119, drewnian\u0105 walizk\u0119, buty drewniaki. Gospodarze zaprezentowali narz\u0119dzia i maszyny, jakich dawniej u\u017cywano do pracy na roli i w gospodarstwie. Dzieci z uwag\u0105 s\u0142ucha\u0142y pogadanki na temat ich codziennej pracy.<!--more--><br \/>Przedszkolaki ch\u0119tnie uczestniczy\u0142y w organizowanych zabawach. Bra\u0142y r\u00f3wnie\u017c udzia\u0142 w zaj\u0119ciach edukacyjnych \u201dKolory jesieni\u201d. Zapoznawa\u0142y si\u0119 z warstwami lasu; g\u0142\u00f3wnymi przedstawicielami ro\u015blin i zwierz\u0105t wyst\u0119puj\u0105cych w polskich lasach, w tym tych znajduj\u0105cych si\u0119 pod cz\u0119\u015bciow\u0105 lub \u015bcis\u0142\u0105 ochron\u0105, a tak\u017ce jak zwierz\u0119ta przygotowuj\u0105 si\u0119 do zimy i jakie zmiany w naturze zachodz\u0105 jesieni\u0105. Dzieci poszukiwa\u0142y skarb\u00f3w dla zdrowia i urody jakie mo\u017cna o tej porze pozyska\u0107 z natury.<br \/>Wycieczka zako\u0144czy\u0142a si\u0119 pysznym pocz\u0119stunkiem. Wszyscy z wielkim apetytem zjadali grillowane kie\u0142baski i pieczone ziemniaczki, a tak\u017ce degustowali pyszn\u0105 herbat\u0119 z domowym sokiem malinowym.<br \/>Dzi\u0119ki gospodarzom, kt\u00f3rzy stworzyli przemi\u0142\u0105 atmosfer\u0119 podczas naszego pobytu wra\u017cenia z wizyty \u201eW Zielonym Gaju\u201d z pewno\u015bci\u0105 na d\u0142ugo pozostan\u0105 w pami\u0119ci naszych przedszkolak\u00f3w.<\/p>\n<p style=\"text-align: right;\">red. Agnieszka W\u0105cha\u0142a\u00a0<\/p>\n<p>\u00a0<\/p>\n\n\n<figure class=\"wp-block-embed-youtube wp-block-embed is-type-video is-provider-youtube wp-embed-aspect-4-3 wp-has-aspect-ratio\"><div class=\"wp-block-embed__wrapper\">\n<iframe loading=\"lazy\" title=\"W zielonym gaju...\" width=\"500\" height=\"375\" src=\"https:\/\/www.youtube.com\/embed\/gyVi19H_vcw?feature=oembed\" frameborder=\"0\" allow=\"accelerometer; autoplay; clipboard-write; encrypted-media; gyroscope; picture-in-picture; web-share\" referrerpolicy=\"strict-origin-when-cross-origin\" allowfullscreen><\/iframe>\n<\/div><\/figure>\n","protected":false},"excerpt":{"rendered":"<p>\u00a0 Wycieczka Przedszkolna do Bramy w Gorce w Waksmundzie: Przygoda z Warsztatami W pochmurny poranek 12. 06. 2024 r., kiedy niebo pokryte by\u0142o szarymi chmurami, dzieci z oddzia\u0142\u00f3w przedszkolnych pe\u0142ne entuzjazmu wyruszy\u0142y na d\u0142ugo wyczekiwan\u0105 wycieczk\u0119. Pomimo braku s\u0142o\u0144ca, ich zapa\u0142 nie gas\u0142, a czeka\u0142a ich niezwyk\u0142a przygoda \u2013 wycieczka do\u00a0 Bramy w Gorce. W [&hellip;]<\/p>\n","protected":false},"author":1,"featured_media":0,"parent":0,"menu_order":0,"comment_status":"closed","ping_status":"closed","template":"","meta":{"ngg_post_thumbnail":0,"footnotes":""},"class_list":["post-43396","page","type-page","status-publish","hentry"],"_links":{"self":[{"href":"https:\/\/sp1lubomierz.pl\/index.php?rest_route=\/wp\/v2\/pages\/43396","targetHints":{"allow":["GET"]}}],"collection":[{"href":"https:\/\/sp1lubomierz.pl\/index.php?rest_route=\/wp\/v2\/pages"}],"about":[{"href":"https:\/\/sp1lubomierz.pl\/index.php?rest_route=\/wp\/v2\/types\/page"}],"author":[{"embeddable":true,"href":"https:\/\/sp1lubomierz.pl\/index.php?rest_route=\/wp\/v2\/users\/1"}],"replies":[{"embeddable":true,"href":"https:\/\/sp1lubomierz.pl\/index.php?rest_route=%2Fwp%2Fv2%2Fcomments&post=43396"}],"version-history":[{"count":16,"href":"https:\/\/sp1lubomierz.pl\/index.php?rest_route=\/wp\/v2\/pages\/43396\/revisions"}],"predecessor-version":[{"id":46741,"href":"https:\/\/sp1lubomierz.pl\/index.php?rest_route=\/wp\/v2\/pages\/43396\/revisions\/46741"}],"wp:attachment":[{"href":"https:\/\/sp1lubomierz.pl\/index.php?rest_route=%2Fwp%2Fv2%2Fmedia&parent=43396"}],"curies":[{"name":"wp","href":"https:\/\/api.w.org\/{rel}","templated":true}]}}