{"id":45854,"date":"2024-03-12T15:39:17","date_gmt":"2024-03-12T14:39:17","guid":{"rendered":"http:\/\/sp1lubomierz.pl\/?page_id=45854"},"modified":"2026-02-18T12:09:35","modified_gmt":"2026-02-18T11:09:35","slug":"psycholog","status":"publish","type":"page","link":"https:\/\/sp1lubomierz.pl\/?page_id=45854","title":{"rendered":"Psycholog"},"content":{"rendered":"\n\n\n<p><a href=\"http:\/\/sp1lubomierz.pl\/wp-content\/uploads\/2026\/02\/8945201e-0559-4bb8-ae23-adb08d1c51c1.jpg\"><img loading=\"lazy\" decoding=\"async\" class=\"aligncenter size-large wp-image-49405\" src=\"http:\/\/sp1lubomierz.pl\/wp-content\/uploads\/2026\/02\/8945201e-0559-4bb8-ae23-adb08d1c51c1-724x1024.jpg\" alt=\"Plakat informacyjny na jasnym tle z be\u017cow\u0105 ramk\u0105. Nag\u0142\u00f3wek \u201ePsycholog szkolny\u201d, poni\u017cej imi\u0119 i nazwisko: mgr Aleksandra Chlipa\u0142a. Sekcja \u201eGodziny pracy\u201d: poniedzia\u0142ek 08:30\u201313:30, wtorek 08:30\u201313:30, czwartek 12:00\u201315:00. Na dole adres e-mail kontaktowy: aleksandra.psycholog.szkolny@gmail.com\n. W dolnej cz\u0119\u015bci ilustracja kobiety trzymaj\u0105cej ksi\u0105\u017ck\u0119 i wskazuj\u0105cej palcem.\" width=\"724\" height=\"1024\" srcset=\"https:\/\/sp1lubomierz.pl\/wp-content\/uploads\/2026\/02\/8945201e-0559-4bb8-ae23-adb08d1c51c1-724x1024.jpg 724w, https:\/\/sp1lubomierz.pl\/wp-content\/uploads\/2026\/02\/8945201e-0559-4bb8-ae23-adb08d1c51c1-212x300.jpg 212w, https:\/\/sp1lubomierz.pl\/wp-content\/uploads\/2026\/02\/8945201e-0559-4bb8-ae23-adb08d1c51c1-768x1086.jpg 768w, https:\/\/sp1lubomierz.pl\/wp-content\/uploads\/2026\/02\/8945201e-0559-4bb8-ae23-adb08d1c51c1-1087x1536.jpg 1087w, https:\/\/sp1lubomierz.pl\/wp-content\/uploads\/2026\/02\/8945201e-0559-4bb8-ae23-adb08d1c51c1-163x230.jpg 163w, https:\/\/sp1lubomierz.pl\/wp-content\/uploads\/2026\/02\/8945201e-0559-4bb8-ae23-adb08d1c51c1.jpg 1415w\" sizes=\"auto, (max-width: 724px) 100vw, 724px\" \/><\/a> <a href=\"http:\/\/sp1lubomierz.pl\/wp-content\/uploads\/2026\/02\/1b2ec302-780b-456a-ae1d-cc72d35e61ad.jpg\"><img loading=\"lazy\" decoding=\"async\" class=\"aligncenter size-large wp-image-49407\" src=\"http:\/\/sp1lubomierz.pl\/wp-content\/uploads\/2026\/02\/1b2ec302-780b-456a-ae1d-cc72d35e61ad-724x1024.jpg\" alt=\"Plakat na be\u017cowym tle z nag\u0142\u00f3wkiem \u201eDo psychologa szkolnego mo\u017cesz zwr\u00f3ci\u0107 si\u0119 m.in. z:\u201d. Poni\u017cej lista powod\u00f3w kontaktu: problemy emocjonalne (smutek, l\u0119k, stres), trudno\u015bci w nauce i koncentracji, problemy w relacjach r\u00f3wie\u015bniczych, konflikty i przemoc, niska samoocena, trudne sytuacje rodzinne oraz potrzeba rozmowy i wsparcia. Na dole has\u0142o: \u201ePsycholog szkolny jest po to, aby pom\u00f3c i wys\u0142ucha\u0107\u201d. W dolnej cz\u0119\u015bci dekoracyjne kwiaty oraz ilustracja u\u015bmiechni\u0119tej uczennicy z plecakiem.\" width=\"724\" height=\"1024\" srcset=\"https:\/\/sp1lubomierz.pl\/wp-content\/uploads\/2026\/02\/1b2ec302-780b-456a-ae1d-cc72d35e61ad-724x1024.jpg 724w, https:\/\/sp1lubomierz.pl\/wp-content\/uploads\/2026\/02\/1b2ec302-780b-456a-ae1d-cc72d35e61ad-212x300.jpg 212w, https:\/\/sp1lubomierz.pl\/wp-content\/uploads\/2026\/02\/1b2ec302-780b-456a-ae1d-cc72d35e61ad-768x1086.jpg 768w, https:\/\/sp1lubomierz.pl\/wp-content\/uploads\/2026\/02\/1b2ec302-780b-456a-ae1d-cc72d35e61ad-1087x1536.jpg 1087w, https:\/\/sp1lubomierz.pl\/wp-content\/uploads\/2026\/02\/1b2ec302-780b-456a-ae1d-cc72d35e61ad-163x230.jpg 163w, https:\/\/sp1lubomierz.pl\/wp-content\/uploads\/2026\/02\/1b2ec302-780b-456a-ae1d-cc72d35e61ad.jpg 1415w\" sizes=\"auto, (max-width: 724px) 100vw, 724px\" \/><\/a> <a href=\"http:\/\/sp1lubomierz.pl\/wp-content\/uploads\/2026\/02\/Drodzy_Rodzice.jpg\"><img loading=\"lazy\" decoding=\"async\" class=\"aligncenter size-large wp-image-49408\" src=\"http:\/\/sp1lubomierz.pl\/wp-content\/uploads\/2026\/02\/Drodzy_Rodzice-1024x760.jpg\" alt=\"Grafika z bia\u0142ym t\u0142em i czarnym tekstem w formie listu do rodzic\u00f3w. Zawiera informacj\u0119 o wsparciu psychologa szkolnego w zakresie rozwoju emocjonalnego i spo\u0142ecznego dzieci, pomocy w trudno\u015bciach szkolnych i relacjach r\u00f3wie\u015bniczych oraz zaproszenie do kontaktu. Na ko\u0144cu podpis: Psycholog szkolny, Aleksandra Chlipa\u0142a.\" width=\"1024\" height=\"760\" srcset=\"https:\/\/sp1lubomierz.pl\/wp-content\/uploads\/2026\/02\/Drodzy_Rodzice-1024x760.jpg 1024w, https:\/\/sp1lubomierz.pl\/wp-content\/uploads\/2026\/02\/Drodzy_Rodzice-300x223.jpg 300w, https:\/\/sp1lubomierz.pl\/wp-content\/uploads\/2026\/02\/Drodzy_Rodzice-768x570.jpg 768w, https:\/\/sp1lubomierz.pl\/wp-content\/uploads\/2026\/02\/Drodzy_Rodzice-310x230.jpg 310w, https:\/\/sp1lubomierz.pl\/wp-content\/uploads\/2026\/02\/Drodzy_Rodzice.jpg 1240w\" sizes=\"auto, (max-width: 1024px) 100vw, 1024px\" \/><\/a> <a href=\"http:\/\/sp1lubomierz.pl\/wp-content\/uploads\/2026\/02\/Kim_jest_psycholog_szkolny.jpg\"><img loading=\"lazy\" decoding=\"async\" class=\"aligncenter size-large wp-image-49409\" src=\"http:\/\/sp1lubomierz.pl\/wp-content\/uploads\/2026\/02\/Kim_jest_psycholog_szkolny-1024x661.jpg\" alt=\"Grafika z bia\u0142ym t\u0142em i czarnym tekstem zatytu\u0142owana \u201eKim jest psycholog szkolny?\u201d. Zawiera kr\u00f3tkie wyja\u015bnienie roli psychologa szkolnego oraz list\u0119 jego g\u0142\u00f3wnych zada\u0144, m.in. pomoc w problemach emocjonalnych i szkolnych, wsparcie w trudnych sytuacjach, dzia\u0142ania profilaktyczne oraz wsp\u00f3\u0142prac\u0119 z rodzicami i nauczycielami.\" width=\"1024\" height=\"661\" srcset=\"https:\/\/sp1lubomierz.pl\/wp-content\/uploads\/2026\/02\/Kim_jest_psycholog_szkolny-1024x661.jpg 1024w, https:\/\/sp1lubomierz.pl\/wp-content\/uploads\/2026\/02\/Kim_jest_psycholog_szkolny-300x194.jpg 300w, https:\/\/sp1lubomierz.pl\/wp-content\/uploads\/2026\/02\/Kim_jest_psycholog_szkolny-768x495.jpg 768w, https:\/\/sp1lubomierz.pl\/wp-content\/uploads\/2026\/02\/Kim_jest_psycholog_szkolny-357x230.jpg 357w, https:\/\/sp1lubomierz.pl\/wp-content\/uploads\/2026\/02\/Kim_jest_psycholog_szkolny.jpg 1240w\" sizes=\"auto, (max-width: 1024px) 100vw, 1024px\" \/><\/a><\/p>\n\n\n","protected":false},"excerpt":{"rendered":"","protected":false},"author":1,"featured_media":0,"parent":0,"menu_order":0,"comment_status":"closed","ping_status":"closed","template":"","meta":{"ngg_post_thumbnail":0,"footnotes":""},"class_list":["post-45854","page","type-page","status-publish","hentry"],"_links":{"self":[{"href":"https:\/\/sp1lubomierz.pl\/index.php?rest_route=\/wp\/v2\/pages\/45854","targetHints":{"allow":["GET"]}}],"collection":[{"href":"https:\/\/sp1lubomierz.pl\/index.php?rest_route=\/wp\/v2\/pages"}],"about":[{"href":"https:\/\/sp1lubomierz.pl\/index.php?rest_route=\/wp\/v2\/types\/page"}],"author":[{"embeddable":true,"href":"https:\/\/sp1lubomierz.pl\/index.php?rest_route=\/wp\/v2\/users\/1"}],"replies":[{"embeddable":true,"href":"https:\/\/sp1lubomierz.pl\/index.php?rest_route=%2Fwp%2Fv2%2Fcomments&post=45854"}],"version-history":[{"count":14,"href":"https:\/\/sp1lubomierz.pl\/index.php?rest_route=\/wp\/v2\/pages\/45854\/revisions"}],"predecessor-version":[{"id":49410,"href":"https:\/\/sp1lubomierz.pl\/index.php?rest_route=\/wp\/v2\/pages\/45854\/revisions\/49410"}],"wp:attachment":[{"href":"https:\/\/sp1lubomierz.pl\/index.php?rest_route=%2Fwp%2Fv2%2Fmedia&parent=45854"}],"curies":[{"name":"wp","href":"https:\/\/api.w.org\/{rel}","templated":true}]}}