{"id":47507,"date":"2024-11-11T15:19:53","date_gmt":"2024-11-11T14:19:53","guid":{"rendered":"http:\/\/sp1lubomierz.pl\/?page_id=47507"},"modified":"2025-06-27T08:21:34","modified_gmt":"2025-06-27T06:21:34","slug":"kolorowe-srody","status":"publish","type":"page","link":"https:\/\/sp1lubomierz.pl\/?page_id=47507","title":{"rendered":"Kolorowe \u015brody"},"content":{"rendered":"<p style=\"text-align: justify;\">Innowacja pedagogiczna \u201eKolorowe \u015arody\u201d zostanie realizowana w grupie 0a (dla dzieci w wieku 3-4 lat) jako ciekawy spos\u00f3b na nauk\u0119 kolor\u00f3w. Ka\u017cdego miesi\u0105ca przedszkolaki b\u0119d\u0105 poznawa\u0107 jeden kolor, kt\u00f3ry stanie si\u0119 tematem dnia i pojawi si\u0119 w dekoracjach sali, zabawach oraz zaj\u0119ciach plastycznych i ruchowych. Dzi\u0119ki temu dzieci b\u0119d\u0105 mog\u0142y \u0142atwiej zapami\u0119ta\u0107 kolory i szybciej nauczy\u0107 si\u0119 je rozpoznawa\u0107, co pomo\u017ce im rozwija\u0107 pami\u0119\u0107, koncentracj\u0119 oraz inne umiej\u0119tno\u015bci potrzebne na dalszych etapach nauki.<\/p>\n\n\t\t<style type=\"text\/css\">\n\t\t\t#gallery-1 {\n\t\t\t\tmargin: auto;\n\t\t\t}\n\t\t\t#gallery-1 .gallery-item {\n\t\t\t\tfloat: left;\n\t\t\t\tmargin-top: 10px;\n\t\t\t\ttext-align: center;\n\t\t\t\twidth: 33%;\n\t\t\t}\n\t\t\t#gallery-1 img {\n\t\t\t\tborder: 2px solid #cfcfcf;\n\t\t\t}\n\t\t\t#gallery-1 .gallery-caption {\n\t\t\t\tmargin-left: 0;\n\t\t\t}\n\t\t\t\/* see gallery_shortcode() in wp-includes\/media.php *\/\n\t\t<\/style>\n\t\t<div id='gallery-1' class='gallery galleryid-47507 gallery-columns-3 gallery-size-thumbnail'><dl class='gallery-item'>\n\t\t\t<dt class='gallery-icon landscape'>\n\t\t\t\t<a href='https:\/\/sp1lubomierz.pl\/?attachment_id=47511'><img loading=\"lazy\" decoding=\"async\" width=\"150\" height=\"150\" src=\"https:\/\/sp1lubomierz.pl\/wp-content\/uploads\/2024\/11\/received_1271151544088660-150x150.jpeg\" class=\"attachment-thumbnail size-thumbnail\" alt=\"\" \/><\/a>\n\t\t\t<\/dt><\/dl><dl class='gallery-item'>\n\t\t\t<dt class='gallery-icon landscape'>\n\t\t\t\t<a href='https:\/\/sp1lubomierz.pl\/?attachment_id=47512'><img loading=\"lazy\" decoding=\"async\" width=\"150\" height=\"150\" src=\"https:\/\/sp1lubomierz.pl\/wp-content\/uploads\/2024\/11\/20241017_094804-150x150.jpg\" class=\"attachment-thumbnail size-thumbnail\" alt=\"\" \/><\/a>\n\t\t\t<\/dt><\/dl><dl class='gallery-item'>\n\t\t\t<dt class='gallery-icon portrait'>\n\t\t\t\t<a href='https:\/\/sp1lubomierz.pl\/?attachment_id=47513'><img loading=\"lazy\" decoding=\"async\" width=\"150\" height=\"150\" src=\"https:\/\/sp1lubomierz.pl\/wp-content\/uploads\/2024\/11\/20241017_094403-150x150.jpg\" class=\"attachment-thumbnail size-thumbnail\" alt=\"\" \/><\/a>\n\t\t\t<\/dt><\/dl><br style=\"clear: both\" \/><dl class='gallery-item'>\n\t\t\t<dt class='gallery-icon landscape'>\n\t\t\t\t<a href='https:\/\/sp1lubomierz.pl\/?attachment_id=47514'><img loading=\"lazy\" decoding=\"async\" width=\"150\" height=\"150\" src=\"https:\/\/sp1lubomierz.pl\/wp-content\/uploads\/2024\/11\/20240930_101400-150x150.jpg\" class=\"attachment-thumbnail size-thumbnail\" alt=\"\" \/><\/a>\n\t\t\t<\/dt><\/dl><dl class='gallery-item'>\n\t\t\t<dt class='gallery-icon landscape'>\n\t\t\t\t<a href='https:\/\/sp1lubomierz.pl\/?attachment_id=47515'><img loading=\"lazy\" decoding=\"async\" width=\"150\" height=\"150\" src=\"https:\/\/sp1lubomierz.pl\/wp-content\/uploads\/2024\/11\/20240930_103755-150x150.jpg\" class=\"attachment-thumbnail size-thumbnail\" alt=\"\" \/><\/a>\n\t\t\t<\/dt><\/dl><dl class='gallery-item'>\n\t\t\t<dt class='gallery-icon landscape'>\n\t\t\t\t<a href='https:\/\/sp1lubomierz.pl\/?attachment_id=47516'><img loading=\"lazy\" decoding=\"async\" width=\"150\" height=\"150\" src=\"https:\/\/sp1lubomierz.pl\/wp-content\/uploads\/2024\/11\/20240930_094608-150x150.jpg\" class=\"attachment-thumbnail size-thumbnail\" alt=\"\" \/><\/a>\n\t\t\t<\/dt><\/dl><br style=\"clear: both\" \/><dl class='gallery-item'>\n\t\t\t<dt class='gallery-icon portrait'>\n\t\t\t\t<a href='https:\/\/sp1lubomierz.pl\/?attachment_id=48709'><img loading=\"lazy\" decoding=\"async\" width=\"150\" height=\"150\" src=\"https:\/\/sp1lubomierz.pl\/wp-content\/uploads\/2025\/06\/Dziewczynka-siedzi-przy-stoliku-i-liczy-czarne-obrazki-na-karcie-pracy-150x150.jpg\" class=\"attachment-thumbnail size-thumbnail\" alt=\"Dziewczynka siedzi przy stoliku i liczy czarne obrazki na karcie pracy.\" \/><\/a>\n\t\t\t<\/dt><\/dl><dl class='gallery-item'>\n\t\t\t<dt class='gallery-icon portrait'>\n\t\t\t\t<a href='https:\/\/sp1lubomierz.pl\/?attachment_id=48710'><img loading=\"lazy\" decoding=\"async\" width=\"150\" height=\"150\" src=\"https:\/\/sp1lubomierz.pl\/wp-content\/uploads\/2025\/06\/Dziewczynka-siedzi-na-dywanie-i-przelicza-granatowe-przedmioty-150x150.jpg\" class=\"attachment-thumbnail size-thumbnail\" alt=\"Dziewczynka siedzi na dywanie i przelicza granatowe przedmioty.\" \/><\/a>\n\t\t\t<\/dt><\/dl><dl class='gallery-item'>\n\t\t\t<dt class='gallery-icon portrait'>\n\t\t\t\t<a href='https:\/\/sp1lubomierz.pl\/?attachment_id=48711'><img loading=\"lazy\" decoding=\"async\" width=\"150\" height=\"150\" src=\"https:\/\/sp1lubomierz.pl\/wp-content\/uploads\/2025\/06\/Dziewczynka-nakleja-zolte-gwiazdy-na-czarnym-kartonie-150x150.jpg\" class=\"attachment-thumbnail size-thumbnail\" alt=\"Dziewczynka nakleja \u017c\u00f3\u0142te gwiazdy na czarnym kartonie.\" \/><\/a>\n\t\t\t<\/dt><\/dl><br style=\"clear: both\" \/><dl class='gallery-item'>\n\t\t\t<dt class='gallery-icon portrait'>\n\t\t\t\t<a href='https:\/\/sp1lubomierz.pl\/?attachment_id=48712'><img loading=\"lazy\" decoding=\"async\" width=\"150\" height=\"150\" src=\"https:\/\/sp1lubomierz.pl\/wp-content\/uploads\/2025\/06\/Dzieci-wyciagaja-z-pudelka-rzeczy-w-zielonym-kolorze-150x150.jpg\" class=\"attachment-thumbnail size-thumbnail\" alt=\"Dzieci wyci\u0105gaj\u0105 z pude\u0142ka rzeczy w zielonym kolorze.\" \/><\/a>\n\t\t\t<\/dt><\/dl><dl class='gallery-item'>\n\t\t\t<dt class='gallery-icon portrait'>\n\t\t\t\t<a href='https:\/\/sp1lubomierz.pl\/?attachment_id=48713'><img loading=\"lazy\" decoding=\"async\" width=\"150\" height=\"150\" src=\"https:\/\/sp1lubomierz.pl\/wp-content\/uploads\/2025\/06\/Dzieci-w-zielonych-czapkach-siedza-na-dywanie-i-sluchaja-bajki-o-zabkch-150x150.jpg\" class=\"attachment-thumbnail size-thumbnail\" alt=\"Dzieci w zielonych czapkach siedz\u0105 na dywanie i s\u0142uchaj\u0105 bajki o \u017cabkch.\" \/><\/a>\n\t\t\t<\/dt><\/dl><dl class='gallery-item'>\n\t\t\t<dt class='gallery-icon portrait'>\n\t\t\t\t<a href='https:\/\/sp1lubomierz.pl\/?attachment_id=48714'><img loading=\"lazy\" decoding=\"async\" width=\"150\" height=\"150\" src=\"https:\/\/sp1lubomierz.pl\/wp-content\/uploads\/2025\/06\/Dzieci-w-opaskach-z-symbolem-kropli-wody-podaja-hipopotamowi-niebieskie-klocki-jako-jedzenie-150x150.jpg\" class=\"attachment-thumbnail size-thumbnail\" alt=\"Dzieci w opaskach z symbolem kropli wody podaj\u0105 hipopotamowi niebieskie klocki jako jedzenie.\" \/><\/a>\n\t\t\t<\/dt><\/dl><br style=\"clear: both\" \/><dl class='gallery-item'>\n\t\t\t<dt class='gallery-icon portrait'>\n\t\t\t\t<a href='https:\/\/sp1lubomierz.pl\/?attachment_id=48715'><img loading=\"lazy\" decoding=\"async\" width=\"150\" height=\"150\" src=\"https:\/\/sp1lubomierz.pl\/wp-content\/uploads\/2025\/06\/Dzieci-tworza-planete-malujac-papierowe-talerzyki-farba-w-kolorze-granatowym-150x150.jpg\" class=\"attachment-thumbnail size-thumbnail\" alt=\"Dzieci tworz\u0105 planet\u0119, maluj\u0105c papierowe talerzyki farb\u0105 w kolorze granatowym.\" \/><\/a>\n\t\t\t<\/dt><\/dl><dl class='gallery-item'>\n\t\t\t<dt class='gallery-icon portrait'>\n\t\t\t\t<a href='https:\/\/sp1lubomierz.pl\/?attachment_id=48716'><img loading=\"lazy\" decoding=\"async\" width=\"150\" height=\"150\" src=\"https:\/\/sp1lubomierz.pl\/wp-content\/uploads\/2025\/06\/Dzieci-siedza-przy-stoliczku-i-koloruja-ul-w-kolorze-zoltym-150x150.jpg\" class=\"attachment-thumbnail size-thumbnail\" alt=\"dzieci przyklejaj\u0105 pszcz\u00f3\u0142ki le\u017c\u0105ce na stole\" \/><\/a>\n\t\t\t<\/dt><\/dl><dl class='gallery-item'>\n\t\t\t<dt class='gallery-icon portrait'>\n\t\t\t\t<a href='https:\/\/sp1lubomierz.pl\/?attachment_id=48717'><img loading=\"lazy\" decoding=\"async\" width=\"150\" height=\"150\" src=\"https:\/\/sp1lubomierz.pl\/wp-content\/uploads\/2025\/06\/Chlopiec-liczy-pszczolki-lezace-na-papierowych-talerzykach.-1-150x150.jpg\" class=\"attachment-thumbnail size-thumbnail\" alt=\"Ch\u0142opiec liczy pszcz\u00f3\u0142ki le\u017c\u0105ce na papierowych talerzykach.\" \/><\/a>\n\t\t\t<\/dt><\/dl><br style=\"clear: both\" \/><dl class='gallery-item'>\n\t\t\t<dt class='gallery-icon portrait'>\n\t\t\t\t<a href='https:\/\/sp1lubomierz.pl\/?attachment_id=48718'><img loading=\"lazy\" decoding=\"async\" width=\"150\" height=\"150\" src=\"https:\/\/sp1lubomierz.pl\/wp-content\/uploads\/2025\/06\/Chlopiec-liczy-pszczolki-lezace-na-papierowych-talerzykach-150x150.jpg\" class=\"attachment-thumbnail size-thumbnail\" alt=\"Ch\u0142opiec liczy pszcz\u00f3\u0142ki le\u017c\u0105ce na papierowych talerzykach.\" \/><\/a>\n\t\t\t<\/dt><\/dl>\n\t\t\t<br style='clear: both' \/>\n\t\t<\/div>\n\n","protected":false},"excerpt":{"rendered":"<p>Innowacja pedagogiczna \u201eKolorowe \u015arody\u201d zostanie realizowana w grupie 0a (dla dzieci w wieku 3-4 lat) jako ciekawy spos\u00f3b na nauk\u0119 kolor\u00f3w. Ka\u017cdego miesi\u0105ca przedszkolaki b\u0119d\u0105 poznawa\u0107 jeden kolor, kt\u00f3ry stanie si\u0119 tematem dnia i pojawi si\u0119 w dekoracjach sali, zabawach oraz zaj\u0119ciach plastycznych i ruchowych. Dzi\u0119ki temu dzieci b\u0119d\u0105 mog\u0142y \u0142atwiej zapami\u0119ta\u0107 kolory i szybciej [&hellip;]<\/p>\n","protected":false},"author":1,"featured_media":0,"parent":0,"menu_order":0,"comment_status":"closed","ping_status":"closed","template":"","meta":{"ngg_post_thumbnail":0,"footnotes":""},"class_list":["post-47507","page","type-page","status-publish","hentry"],"_links":{"self":[{"href":"https:\/\/sp1lubomierz.pl\/index.php?rest_route=\/wp\/v2\/pages\/47507","targetHints":{"allow":["GET"]}}],"collection":[{"href":"https:\/\/sp1lubomierz.pl\/index.php?rest_route=\/wp\/v2\/pages"}],"about":[{"href":"https:\/\/sp1lubomierz.pl\/index.php?rest_route=\/wp\/v2\/types\/page"}],"author":[{"embeddable":true,"href":"https:\/\/sp1lubomierz.pl\/index.php?rest_route=\/wp\/v2\/users\/1"}],"replies":[{"embeddable":true,"href":"https:\/\/sp1lubomierz.pl\/index.php?rest_route=%2Fwp%2Fv2%2Fcomments&post=47507"}],"version-history":[{"count":4,"href":"https:\/\/sp1lubomierz.pl\/index.php?rest_route=\/wp\/v2\/pages\/47507\/revisions"}],"predecessor-version":[{"id":48720,"href":"https:\/\/sp1lubomierz.pl\/index.php?rest_route=\/wp\/v2\/pages\/47507\/revisions\/48720"}],"wp:attachment":[{"href":"https:\/\/sp1lubomierz.pl\/index.php?rest_route=%2Fwp%2Fv2%2Fmedia&parent=47507"}],"curies":[{"name":"wp","href":"https:\/\/api.w.org\/{rel}","templated":true}]}}