{"id":47693,"date":"2024-12-05T19:45:12","date_gmt":"2024-12-05T18:45:12","guid":{"rendered":"https:\/\/sp1lubomierz.pl\/?page_id=47693"},"modified":"2024-12-05T19:45:12","modified_gmt":"2024-12-05T18:45:12","slug":"zajecia-sportowe-z-elementami-gimnastyki-korekcyjno-kompensacyjnej","status":"publish","type":"page","link":"https:\/\/sp1lubomierz.pl\/?page_id=47693","title":{"rendered":"Zaj\u0119cia sportowe z elementami gimnastyki korekcyjno-kompensacyjnej"},"content":{"rendered":"<div class=\"flex-shrink-0 flex flex-col relative items-end\">\n<div>\n<div class=\"pt-0\">\n<div class=\"gizmo-bot-avatar flex h-8 w-8 items-center justify-center overflow-hidden rounded-full\">\n<div class=\"relative p-1 rounded-sm flex items-center justify-center bg-token-main-surface-primary text-token-text-primary h-8 w-8\" style=\"text-align: justify;\"><span style=\"font-size: revert; color: initial;\">Zaj\u0119cia sportowe z elementami gimnastyki korekcyjno-kompensacyjnej, organizowane przez Uczniowski Klub Sportowy Olimpia i dofinansowane ze \u015brodk\u00f3w Ministerstwa Sportu i Turystyki, s\u0105 przeznaczone dla dzieci z klas 1-6. Program obejmuje \u0107wiczenia wspomagaj\u0105ce korekcj\u0119 wad postawy, wzmacnianie mi\u0119\u015bni oraz popraw\u0119 koordynacji ruchowej. Celem zaj\u0119\u0107 jest wspieranie prawid\u0142owego rozwoju fizycznego dzieci oraz zapobieganie problemom wynikaj\u0105cym z niew\u0142a\u015bciwej postawy cia\u0142a.<\/span><\/div>\n<\/div>\n<\/div>\n<\/div>\n<\/div>\n","protected":false},"excerpt":{"rendered":"<p>Zaj\u0119cia sportowe z elementami gimnastyki korekcyjno-kompensacyjnej, organizowane przez Uczniowski Klub Sportowy Olimpia i dofinansowane ze \u015brodk\u00f3w Ministerstwa Sportu i Turystyki, s\u0105 przeznaczone dla dzieci z klas 1-6. Program obejmuje \u0107wiczenia wspomagaj\u0105ce korekcj\u0119 wad postawy, wzmacnianie mi\u0119\u015bni oraz popraw\u0119 koordynacji ruchowej. Celem zaj\u0119\u0107 jest wspieranie prawid\u0142owego rozwoju fizycznego dzieci oraz zapobieganie problemom wynikaj\u0105cym z niew\u0142a\u015bciwej postawy [&hellip;]<\/p>\n","protected":false},"author":1,"featured_media":0,"parent":0,"menu_order":0,"comment_status":"closed","ping_status":"closed","template":"","meta":{"ngg_post_thumbnail":0,"footnotes":""},"class_list":["post-47693","page","type-page","status-publish","hentry"],"_links":{"self":[{"href":"https:\/\/sp1lubomierz.pl\/index.php?rest_route=\/wp\/v2\/pages\/47693","targetHints":{"allow":["GET"]}}],"collection":[{"href":"https:\/\/sp1lubomierz.pl\/index.php?rest_route=\/wp\/v2\/pages"}],"about":[{"href":"https:\/\/sp1lubomierz.pl\/index.php?rest_route=\/wp\/v2\/types\/page"}],"author":[{"embeddable":true,"href":"https:\/\/sp1lubomierz.pl\/index.php?rest_route=\/wp\/v2\/users\/1"}],"replies":[{"embeddable":true,"href":"https:\/\/sp1lubomierz.pl\/index.php?rest_route=%2Fwp%2Fv2%2Fcomments&post=47693"}],"version-history":[{"count":1,"href":"https:\/\/sp1lubomierz.pl\/index.php?rest_route=\/wp\/v2\/pages\/47693\/revisions"}],"predecessor-version":[{"id":47695,"href":"https:\/\/sp1lubomierz.pl\/index.php?rest_route=\/wp\/v2\/pages\/47693\/revisions\/47695"}],"wp:attachment":[{"href":"https:\/\/sp1lubomierz.pl\/index.php?rest_route=%2Fwp%2Fv2%2Fmedia&parent=47693"}],"curies":[{"name":"wp","href":"https:\/\/api.w.org\/{rel}","templated":true}]}}